Last updated on 2024-05-21 02:02:27 CEST.
Flavor | Version | Tinstall | Tcheck | Ttotal | Status | Flags |
---|---|---|---|---|---|---|
r-devel-linux-x86_64-debian-clang | 5.5.2 | 20.89 | 112.49 | 133.38 | NOTE | |
r-devel-linux-x86_64-debian-gcc | 5.5.2 | 17.64 | 90.43 | 108.07 | NOTE | |
r-devel-linux-x86_64-fedora-clang | 5.5.2 | 165.19 | NOTE | |||
r-devel-linux-x86_64-fedora-gcc | 5.5.2 | 153.72 | NOTE | |||
r-devel-windows-x86_64 | 5.5.2 | 20.00 | 107.00 | 127.00 | NOTE | |
r-patched-linux-x86_64 | 5.5.2 | 21.93 | 110.56 | 132.49 | NOTE | |
r-release-linux-x86_64 | 5.5.2 | 21.05 | 111.17 | 132.22 | NOTE | |
r-release-macos-arm64 | 5.5.2 | 47.00 | NOTE | |||
r-release-windows-x86_64 | 5.5.2 | 20.00 | 110.00 | 130.00 | NOTE | |
r-oldrel-macos-arm64 | 5.5.2 | 53.00 | NOTE | |||
r-oldrel-macos-x86_64 | 5.5.2 | 92.00 | NOTE | |||
r-oldrel-windows-x86_64 | 5.5.2 | 23.00 | 128.00 | 151.00 | NOTE |
Version: 5.5.2
Check: Rd files
Result: NOTE
checkRd: (-1) ZIClass.Rd:87: Escaped LaTeX specials: \_
checkRd: (-1) ZITrain.Rd:72: Escaped LaTeX specials: \_
checkRd: (-1) ZITrain.Rd:74: Escaped LaTeX specials: \_
checkRd: (-1) zid.Rd:45: Escaped LaTeX specials: \_
checkRd: (-1) zim.Rd:63: Escaped LaTeX specials: \_
checkRd: (-1) zim.Rd:182: Lost braces
182 | dQuote{tab-delimited text file} when you have done and close the spreadsheet
| ^
Flavors: r-devel-linux-x86_64-debian-clang, r-devel-linux-x86_64-debian-gcc, r-devel-linux-x86_64-fedora-clang, r-devel-linux-x86_64-fedora-gcc, r-devel-windows-x86_64, r-patched-linux-x86_64, r-release-linux-x86_64, r-release-macos-arm64, r-release-windows-x86_64
Version: 5.5.2
Check: Rd files
Result: NOTE
checkRd: (-1) ZIClass.Rd:87: Escaped LaTeX specials: \_
checkRd: (-1) ZITrain.Rd:72: Escaped LaTeX specials: \_
checkRd: (-1) ZITrain.Rd:74: Escaped LaTeX specials: \_
checkRd: (-1) zid.Rd:45: Escaped LaTeX specials: \_
checkRd: (-1) zim.Rd:63: Escaped LaTeX specials: \_
Flavors: r-oldrel-macos-arm64, r-oldrel-macos-x86_64, r-oldrel-windows-x86_64
Version: 5.5.2
Check: package dependencies
Result: NOTE
Package suggested but not available for checking: ‘rJava’
Flavor: r-oldrel-macos-x86_64