Last updated on 2024-05-11 01:50:57 CEST.
Flavor | Version | Tinstall | Tcheck | Ttotal | Status | Flags |
---|---|---|---|---|---|---|
r-devel-linux-x86_64-debian-clang | 1.0.4 | 7.12 | 55.92 | 63.04 | OK | |
r-devel-linux-x86_64-debian-gcc | 1.0.4 | 5.06 | 41.38 | 46.44 | OK | |
r-devel-linux-x86_64-fedora-clang | 1.0.4 | 78.99 | NOTE | |||
r-devel-linux-x86_64-fedora-gcc | 1.0.4 | 106.14 | NOTE | |||
r-devel-windows-x86_64 | 1.0.4 | 9.00 | 71.00 | 80.00 | OK | |
r-patched-linux-x86_64 | 1.0.4 | 4.59 | 53.09 | 57.68 | OK | |
r-release-linux-x86_64 | 1.0.4 | 4.29 | 52.90 | 57.19 | OK | |
r-release-macos-arm64 | 1.0.4 | 34.00 | OK | |||
r-release-windows-x86_64 | 1.0.4 | 8.00 | 71.00 | 79.00 | OK | |
r-oldrel-macos-arm64 | 1.0.4 | 35.00 | OK | |||
r-oldrel-macos-x86_64 | 1.0.4 | 55.00 | OK | |||
r-oldrel-windows-x86_64 | 1.0.4 | 11.00 | 69.00 | 80.00 | OK |
Version: 1.0.4
Check: data for non-ASCII characters
Result: NOTE
Note: found 3133 marked UTF-8 strings
Flavors: r-devel-linux-x86_64-fedora-clang, r-devel-linux-x86_64-fedora-gcc