Last updated on 2024-05-13 01:52:35 CEST.
Flavor | Version | Tinstall | Tcheck | Ttotal | Status | Flags |
---|---|---|---|---|---|---|
r-devel-linux-x86_64-debian-clang | 0.4.1 | 8.01 | 153.55 | 161.56 | NOTE | |
r-devel-linux-x86_64-debian-gcc | 0.4.1 | 5.80 | 146.93 | 152.73 | OK | |
r-devel-linux-x86_64-fedora-clang | 0.4.1 | 257.16 | OK | |||
r-devel-linux-x86_64-fedora-gcc | 0.4.1 | 261.28 | OK | |||
r-devel-windows-x86_64 | 0.4.1 | 7.00 | 106.00 | 113.00 | OK | |
r-patched-linux-x86_64 | 0.4.1 | 7.15 | 172.33 | 179.48 | OK | |
r-release-linux-x86_64 | 0.4.1 | 7.04 | 177.42 | 184.46 | OK | |
r-release-macos-arm64 | 0.4.1 | 48.00 | OK | |||
r-release-windows-x86_64 | 0.4.1 | 7.00 | 107.00 | 114.00 | OK | |
r-oldrel-macos-arm64 | 0.4.1 | 52.00 | OK | |||
r-oldrel-macos-x86_64 | 0.4.1 | 158.00 | OK | |||
r-oldrel-windows-x86_64 | 0.4.1 | 8.00 | 132.00 | 140.00 | OK |
Version: 0.4.1
Check: dependencies in R code
Result: NOTE
Fortran STOP
IEEE arithmetic exceptions signaled: INEXACT
Flavor: r-devel-linux-x86_64-debian-clang