Last updated on 2024-05-21 02:02:24 CEST.
Flavor | Version | Tinstall | Tcheck | Ttotal | Status | Flags |
---|---|---|---|---|---|---|
r-devel-linux-x86_64-debian-clang | 3.0.0 | 12.88 | 66.19 | 79.07 | NOTE | |
r-devel-linux-x86_64-debian-gcc | 3.0.0 | 11.16 | 48.84 | 60.00 | NOTE | |
r-devel-linux-x86_64-fedora-clang | 3.0.0 | 106.70 | NOTE | |||
r-devel-linux-x86_64-fedora-gcc | 3.0.0 | 108.71 | NOTE | |||
r-devel-windows-x86_64 | 3.0.0 | 13.00 | 81.00 | 94.00 | NOTE | |
r-patched-linux-x86_64 | 3.0.0 | 22.29 | 63.21 | 85.50 | NOTE | |
r-release-linux-x86_64 | 3.0.0 | 11.98 | 61.89 | 73.87 | NOTE | |
r-release-macos-arm64 | 3.0.0 | 39.00 | NOTE | |||
r-release-windows-x86_64 | 3.0.0 | 14.00 | 83.00 | 97.00 | NOTE | |
r-oldrel-macos-arm64 | 3.0.0 | 39.00 | OK | |||
r-oldrel-macos-x86_64 | 3.0.0 | 60.00 | OK | |||
r-oldrel-windows-x86_64 | 3.0.0 | 18.00 | 87.00 | 105.00 | OK |
Version: 3.0.0
Check: Rd files
Result: NOTE
checkRd: (-1) sendChatAction.Rd:16: Lost braces in \itemize; meant \describe ?
checkRd: (-1) sendChatAction.Rd:17: Lost braces in \itemize; meant \describe ?
checkRd: (-1) sendChatAction.Rd:18: Lost braces in \itemize; meant \describe ?
checkRd: (-1) sendChatAction.Rd:19: Lost braces in \itemize; meant \describe ?
checkRd: (-1) sendChatAction.Rd:20: Lost braces in \itemize; meant \describe ?
checkRd: (-1) sendChatAction.Rd:21: Lost braces in \itemize; meant \describe ?
checkRd: (-1) sendChatAction.Rd:22: Lost braces in \itemize; meant \describe ?
checkRd: (-1) sendChatAction.Rd:23: Lost braces in \itemize; meant \describe ?
checkRd: (-1) sendChatAction.Rd:24: Lost braces in \itemize; meant \describe ?
checkRd: (-1) sendChatAction.Rd:25: Lost braces in \itemize; meant \describe ?
Flavors: r-devel-linux-x86_64-debian-clang, r-devel-linux-x86_64-debian-gcc, r-devel-linux-x86_64-fedora-clang, r-devel-linux-x86_64-fedora-gcc, r-devel-windows-x86_64, r-patched-linux-x86_64, r-release-linux-x86_64, r-release-macos-arm64, r-release-windows-x86_64