Last updated on 2024-07-04 02:55:33 CEST.
Flavor | Version | Tinstall | Tcheck | Ttotal | Status | Flags |
---|---|---|---|---|---|---|
r-devel-linux-x86_64-debian-clang | 0.5 | 12.94 | 257.04 | 269.98 | NOTE | |
r-devel-linux-x86_64-debian-gcc | 0.5 | 9.99 | 175.42 | 185.41 | NOTE | |
r-devel-linux-x86_64-fedora-clang | 0.5 | 315.24 | NOTE | |||
r-devel-linux-x86_64-fedora-gcc | 0.5 | 308.26 | NOTE | |||
r-devel-windows-x86_64 | 0.5 | 13.00 | 183.00 | 196.00 | NOTE | |
r-patched-linux-x86_64 | 0.5 | 13.21 | 235.91 | 249.12 | NOTE | |
r-release-linux-x86_64 | 0.5 | 10.47 | 228.88 | 239.35 | NOTE | |
r-release-macos-arm64 | 0.5 | 84.00 | NOTE | |||
r-release-macos-x86_64 | 0.5 | 157.00 | NOTE | |||
r-release-windows-x86_64 | 0.5 | 12.00 | 184.00 | 196.00 | NOTE | |
r-oldrel-macos-arm64 | 0.5 | 122.00 | NOTE | |||
r-oldrel-macos-x86_64 | 0.5 | 221.00 | OK | |||
r-oldrel-windows-x86_64 | 0.5 | 16.00 | 245.00 | 261.00 | NOTE |
Version: 0.5
Check: R code for possible problems
Result: NOTE
surfaceSimulate : phytransform: no visible global function definition
for ‘rescale’
Undefined global functions or variables:
rescale
Flavors: r-devel-linux-x86_64-debian-clang, r-devel-linux-x86_64-debian-gcc, r-devel-linux-x86_64-fedora-clang, r-devel-linux-x86_64-fedora-gcc, r-devel-windows-x86_64, r-patched-linux-x86_64, r-release-linux-x86_64, r-release-macos-arm64, r-release-macos-x86_64, r-release-windows-x86_64, r-oldrel-macos-arm64, r-oldrel-windows-x86_64