Last updated on 2024-05-21 02:02:23 CEST.
Flavor | Version | Tinstall | Tcheck | Ttotal | Status | Flags |
---|---|---|---|---|---|---|
r-devel-linux-x86_64-debian-clang | 1.5.0 | 7.88 | 47.20 | 55.08 | OK | |
r-devel-linux-x86_64-debian-gcc | 1.5.0 | 4.65 | 34.63 | 39.28 | OK | |
r-devel-linux-x86_64-fedora-clang | 1.5.0 | 68.88 | OK | |||
r-devel-linux-x86_64-fedora-gcc | 1.5.0 | 64.56 | OK | |||
r-devel-windows-x86_64 | 1.5.0 | 11.00 | 66.00 | 77.00 | OK | |
r-patched-linux-x86_64 | 1.5.0 | 7.27 | 44.45 | 51.72 | OK | |
r-release-linux-x86_64 | 1.5.0 | 6.57 | 44.16 | 50.73 | OK | |
r-release-macos-arm64 | 1.5.0 | 24.00 | OK | |||
r-release-windows-x86_64 | 1.5.0 | 10.00 | 67.00 | 77.00 | OK | |
r-oldrel-macos-arm64 | 1.5.0 | 28.00 | OK | |||
r-oldrel-macos-x86_64 | 1.5.0 | 41.00 | NOTE | |||
r-oldrel-windows-x86_64 | 1.5.0 | 13.00 | 71.00 | 84.00 | OK |
Version: 1.5.0
Check: package dependencies
Result: NOTE
Package suggested but not available for checking: ‘tweedie’
Flavor: r-oldrel-macos-x86_64
Version: 1.5.0
Check: Rd cross-references
Result: NOTE
Package unavailable to check Rd xrefs: ‘tweedie’
Flavor: r-oldrel-macos-x86_64