Last updated on 2024-07-07 01:52:40 CEST.
Flavor | Version | Tinstall | Tcheck | Ttotal | Status | Flags |
---|---|---|---|---|---|---|
r-devel-linux-x86_64-debian-clang | 1.0.0 | 17.16 | 323.28 | 340.44 | OK | |
r-devel-linux-x86_64-debian-gcc | 1.0.0 | 12.57 | 229.93 | 242.50 | OK | |
r-devel-linux-x86_64-fedora-clang | 1.0.0 | 428.26 | NOTE | |||
r-devel-linux-x86_64-fedora-gcc | 1.0.0 | 408.60 | NOTE | |||
r-devel-windows-x86_64 | 1.0.0 | 16.00 | 461.00 | 477.00 | OK | |
r-patched-linux-x86_64 | 1.0.0 | 16.04 | 318.41 | 334.45 | OK | |
r-release-linux-x86_64 | 1.0.0 | 11.53 | 308.91 | 320.44 | OK | |
r-release-macos-arm64 | 1.0.0 | 305.00 | OK | |||
r-release-macos-x86_64 | 1.0.0 | 386.00 | OK | |||
r-release-windows-x86_64 | 1.0.0 | 17.00 | 455.00 | 472.00 | OK | |
r-oldrel-macos-arm64 | 1.0.0 | 333.00 | OK | |||
r-oldrel-macos-x86_64 | 1.0.0 | 420.00 | OK | |||
r-oldrel-windows-x86_64 | 1.0.0 | 20.00 | 523.00 | 543.00 | OK |
Version: 1.0.0
Check: dependencies in R code
Result: NOTE
Namespaces in Imports field not imported from:
‘numDeriv’ ‘png’
All declared Imports should be used.
Flavors: r-devel-linux-x86_64-fedora-clang, r-devel-linux-x86_64-fedora-gcc