Last updated on 2024-05-13 01:52:31 CEST.
Flavor | Version | Tinstall | Tcheck | Ttotal | Status | Flags |
---|---|---|---|---|---|---|
r-devel-linux-x86_64-debian-clang | 0.1.2 | 6.01 | 41.69 | 47.70 | OK | |
r-devel-linux-x86_64-debian-gcc | 0.1.2 | 3.85 | 31.70 | 35.55 | OK | |
r-devel-linux-x86_64-fedora-clang | 0.1.2 | 61.30 | NOTE | |||
r-devel-linux-x86_64-fedora-gcc | 0.1.2 | 79.04 | OK | |||
r-devel-windows-x86_64 | 0.1.2 | 6.00 | 54.00 | 60.00 | NOTE | |
r-patched-linux-x86_64 | 0.1.2 | 6.25 | 39.41 | 45.66 | OK | |
r-release-linux-x86_64 | 0.1.2 | 5.38 | 38.99 | 44.37 | OK | |
r-release-macos-arm64 | 0.1.2 | 31.00 | NOTE | |||
r-release-windows-x86_64 | 0.1.2 | 7.00 | 55.00 | 62.00 | NOTE | |
r-oldrel-macos-arm64 | 0.1.2 | 31.00 | NOTE | |||
r-oldrel-macos-x86_64 | 0.1.2 | 47.00 | NOTE | |||
r-oldrel-windows-x86_64 | 0.1.2 | 7.00 | 60.00 | 67.00 | NOTE |
Version: 0.1.2
Check: installed package size
Result: NOTE
installed size is 5.9Mb
sub-directories of 1Mb or more:
doc 5.1Mb
Flavors: r-devel-linux-x86_64-fedora-clang, r-devel-windows-x86_64, r-release-macos-arm64, r-release-windows-x86_64, r-oldrel-macos-arm64, r-oldrel-macos-x86_64, r-oldrel-windows-x86_64