Last updated on 2024-05-09 01:56:07 CEST.
Flavor | Version | Tinstall | Tcheck | Ttotal | Status | Flags |
---|---|---|---|---|---|---|
r-devel-linux-x86_64-debian-clang | 0.4.0 | 6.02 | 57.02 | 63.04 | OK | |
r-devel-linux-x86_64-debian-gcc | 0.4.0 | 5.55 | 42.19 | 47.74 | OK | |
r-devel-linux-x86_64-fedora-clang | 0.4.0 | 79.62 | NOTE | |||
r-devel-linux-x86_64-fedora-gcc | 0.4.0 | 112.73 | NOTE | |||
r-devel-windows-x86_64 | 0.4.0 | 10.00 | 66.00 | 76.00 | OK | |
r-patched-linux-x86_64 | 0.4.0 | 6.59 | 52.65 | 59.24 | OK | |
r-release-linux-x86_64 | 0.4.0 | 4.69 | 53.76 | 58.45 | OK | |
r-release-macos-arm64 | 0.4.0 | 31.00 | OK | |||
r-release-windows-x86_64 | 0.4.0 | 9.00 | 65.00 | 74.00 | OK | |
r-oldrel-macos-arm64 | 0.4.0 | 38.00 | OK | |||
r-oldrel-macos-x86_64 | 0.4.0 | 69.00 | OK | |||
r-oldrel-windows-x86_64 | 0.4.0 | 10.00 | 72.00 | 82.00 | OK |
Version: 0.4.0
Check: data for non-ASCII characters
Result: NOTE
Note: found 37 marked UTF-8 strings
Flavors: r-devel-linux-x86_64-fedora-clang, r-devel-linux-x86_64-fedora-gcc