Last updated on 2024-05-09 01:56:07 CEST.
Flavor | Version | Tinstall | Tcheck | Ttotal | Status | Flags |
---|---|---|---|---|---|---|
r-devel-linux-x86_64-debian-clang | 0.1.5 | 192.48 | 228.62 | 421.10 | NOTE | |
r-devel-linux-x86_64-debian-gcc | 0.1.5 | 150.01 | 178.69 | 328.70 | NOTE | |
r-devel-linux-x86_64-fedora-clang | 0.1.5 | 511.38 | NOTE | |||
r-devel-linux-x86_64-fedora-gcc | 0.1.5 | 749.22 | NOTE | |||
r-devel-windows-x86_64 | 0.1.5 | 140.00 | 199.00 | 339.00 | NOTE | |
r-patched-linux-x86_64 | 0.1.5 | 139.30 | 234.74 | 374.04 | NOTE | |
r-release-linux-x86_64 | 0.1.5 | 0.02 | 2.37 | 2.39 | ERROR | |
r-release-macos-arm64 | 0.1.5 | 132.00 | NOTE | |||
r-release-windows-x86_64 | 0.1.5 | 146.00 | 201.00 | 347.00 | NOTE | |
r-oldrel-macos-arm64 | 0.1.5 | 242.00 | NOTE | |||
r-oldrel-macos-x86_64 | 0.1.5 | 348.00 | NOTE | |||
r-oldrel-windows-x86_64 | 0.1.5 | 186.00 | 245.00 | 431.00 | NOTE |
Version: 0.1.5
Check: for GNU extensions in Makefiles
Result: NOTE
GNU make is a SystemRequirements.
Flavors: r-devel-linux-x86_64-debian-clang, r-devel-linux-x86_64-debian-gcc, r-devel-linux-x86_64-fedora-clang, r-devel-linux-x86_64-fedora-gcc, r-devel-windows-x86_64, r-patched-linux-x86_64, r-release-macos-arm64, r-release-windows-x86_64, r-oldrel-macos-arm64, r-oldrel-macos-x86_64, r-oldrel-windows-x86_64
Version: 0.1.5
Check: whether package can be installed
Result: ERROR
Installation failed.
Flavor: r-release-linux-x86_64
Version: 0.1.5
Check: installed package size
Result: NOTE
installed size is 45.0Mb
sub-directories of 1Mb or more:
libs 44.4Mb
Flavors: r-release-macos-arm64, r-oldrel-macos-arm64, r-oldrel-macos-x86_64