Last updated on 2024-07-04 02:55:29 CEST.
Flavor | Version | Tinstall | Tcheck | Ttotal | Status | Flags |
---|---|---|---|---|---|---|
r-devel-linux-x86_64-debian-clang | 1.3.0 | 62.01 | 71.10 | 133.11 | OK | |
r-devel-linux-x86_64-debian-gcc | 1.3.0 | 44.81 | 51.64 | 96.45 | OK | |
r-devel-linux-x86_64-fedora-clang | 1.3.0 | 171.38 | OK | |||
r-devel-linux-x86_64-fedora-gcc | 1.3.0 | 187.24 | OK | |||
r-devel-windows-x86_64 | 1.3.0 | 48.00 | 94.00 | 142.00 | OK | |
r-patched-linux-x86_64 | 1.3.0 | 55.52 | 68.52 | 124.04 | OK | |
r-release-linux-x86_64 | 1.3.0 | 47.00 | 65.57 | 112.57 | OK | |
r-release-macos-arm64 | 1.3.0 | 37.00 | NOTE | |||
r-release-macos-x86_64 | 1.3.0 | 62.00 | NOTE | |||
r-release-windows-x86_64 | 1.3.0 | 46.00 | 87.00 | 133.00 | OK | |
r-oldrel-macos-arm64 | 1.3.0 | 55.00 | NOTE | |||
r-oldrel-macos-x86_64 | 1.3.0 | 122.00 | NOTE | |||
r-oldrel-windows-x86_64 | 1.3.0 | 59.00 | 142.00 | 201.00 | OK |
Version: 1.3.0
Check: installed package size
Result: NOTE
installed size is 6.2Mb
sub-directories of 1Mb or more:
libs 6.0Mb
Flavors: r-release-macos-arm64, r-release-macos-x86_64, r-oldrel-macos-arm64, r-oldrel-macos-x86_64