Last updated on 2024-07-07 01:52:37 CEST.
Flavor | Version | Tinstall | Tcheck | Ttotal | Status | Flags |
---|---|---|---|---|---|---|
r-devel-linux-x86_64-debian-clang | 0.3 | 4.92 | 66.04 | 70.96 | OK | |
r-devel-linux-x86_64-debian-gcc | 0.3 | 5.09 | 49.44 | 54.53 | OK | |
r-devel-linux-x86_64-fedora-clang | 0.3 | 95.58 | NOTE | |||
r-devel-linux-x86_64-fedora-gcc | 0.3 | 98.42 | NOTE | |||
r-devel-windows-x86_64 | 0.3 | 7.00 | 72.00 | 79.00 | OK | |
r-patched-linux-x86_64 | 0.3 | 6.68 | 61.62 | 68.30 | OK | |
r-release-linux-x86_64 | 0.3 | 5.11 | 63.65 | 68.76 | OK | |
r-release-macos-arm64 | 0.3 | 40.00 | OK | |||
r-release-macos-x86_64 | 0.3 | 97.00 | OK | |||
r-release-windows-x86_64 | 0.3 | 7.00 | 73.00 | 80.00 | OK | |
r-oldrel-macos-arm64 | 0.3 | 44.00 | OK | |||
r-oldrel-macos-x86_64 | 0.3 | 77.00 | OK | |||
r-oldrel-windows-x86_64 | 0.3 | 9.00 | 78.00 | 87.00 | OK |
Version: 0.3
Check: data for non-ASCII characters
Result: NOTE
Note: found 1459 marked UTF-8 strings
Flavors: r-devel-linux-x86_64-fedora-clang, r-devel-linux-x86_64-fedora-gcc