Last updated on 2024-05-11 01:50:48 CEST.
Flavor | Version | Tinstall | Tcheck | Ttotal | Status | Flags |
---|---|---|---|---|---|---|
r-devel-linux-x86_64-debian-clang | 1.0.3 | 13.69 | 160.84 | 174.53 | NOTE | |
r-devel-linux-x86_64-debian-gcc | 1.0.3 | 10.10 | 116.98 | 127.08 | NOTE | |
r-devel-linux-x86_64-fedora-clang | 1.0.3 | 213.49 | NOTE | |||
r-devel-linux-x86_64-fedora-gcc | 1.0.3 | 291.14 | NOTE | |||
r-devel-windows-x86_64 | 1.0.3 | 10.00 | 130.00 | 140.00 | NOTE | |
r-patched-linux-x86_64 | 1.0.3 | 15.31 | 149.30 | 164.61 | NOTE | |
r-release-linux-x86_64 | 1.0.3 | 7.32 | 150.78 | 158.10 | NOTE | |
r-release-macos-arm64 | 1.0.3 | 68.00 | NOTE | |||
r-release-windows-x86_64 | 1.0.3 | 11.00 | 131.00 | 142.00 | NOTE | |
r-oldrel-macos-arm64 | 1.0.3 | 73.00 | OK | |||
r-oldrel-macos-x86_64 | 1.0.3 | 116.00 | OK | |||
r-oldrel-windows-x86_64 | 1.0.3 | 14.00 | 156.00 | 170.00 | OK |
Version: 1.0.3
Check: Rd files
Result: NOTE
checkRd: (-1) crosstab.Rd:45: Lost braces in \itemize; \value handles \item{}{} directly
checkRd: (-1) crosstab.Rd:46: Lost braces in \itemize; \value handles \item{}{} directly
checkRd: (-1) crosstab.Rd:47: Lost braces in \itemize; \value handles \item{}{} directly
checkRd: (-1) crosstab.Rd:48: Lost braces in \itemize; \value handles \item{}{} directly
checkRd: (-1) crosstab.Rd:49: Lost braces in \itemize; \value handles \item{}{} directly
checkRd: (-1) crosstab.Rd:50: Lost braces in \itemize; \value handles \item{}{} directly
checkRd: (-1) crosstab.Rd:51-52: Lost braces in \itemize; \value handles \item{}{} directly
Flavors: r-devel-linux-x86_64-debian-clang, r-devel-linux-x86_64-debian-gcc, r-devel-linux-x86_64-fedora-clang, r-devel-linux-x86_64-fedora-gcc, r-devel-windows-x86_64, r-patched-linux-x86_64, r-release-linux-x86_64, r-release-macos-arm64, r-release-windows-x86_64