Last updated on 2024-05-09 01:56:04 CEST.
Flavor | Version | Tinstall | Tcheck | Ttotal | Status | Flags |
---|---|---|---|---|---|---|
r-devel-linux-x86_64-debian-clang | 1.0 | 182.88 | 333.02 | 515.90 | NOTE | |
r-devel-linux-x86_64-debian-gcc | 1.0 | 159.86 | 293.86 | 453.72 | NOTE | |
r-devel-linux-x86_64-fedora-clang | 1.0 | 635.44 | NOTE | |||
r-devel-linux-x86_64-fedora-gcc | 1.0 | 884.28 | NOTE | |||
r-devel-windows-x86_64 | 1.0 | 149.00 | 240.00 | 389.00 | NOTE | |
r-patched-linux-x86_64 | 1.0 | 0.02 | 2.74 | 2.76 | ERROR | |
r-release-linux-x86_64 | 1.0 | 153.93 | 377.55 | 531.48 | NOTE | |
r-release-macos-arm64 | 1.0 | 160.00 | NOTE | |||
r-release-windows-x86_64 | 1.0 | 137.00 | 246.00 | 383.00 | NOTE | |
r-oldrel-macos-arm64 | 1.0 | 219.00 | NOTE | |||
r-oldrel-macos-x86_64 | 1.0 | 361.00 | NOTE | |||
r-oldrel-windows-x86_64 | 1.0 | 187.00 | 320.00 | 507.00 | NOTE |
Version: 1.0
Check: for GNU extensions in Makefiles
Result: NOTE
GNU make is a SystemRequirements.
Flavors: r-devel-linux-x86_64-debian-clang, r-devel-linux-x86_64-debian-gcc, r-devel-linux-x86_64-fedora-clang, r-devel-linux-x86_64-fedora-gcc, r-devel-windows-x86_64, r-release-linux-x86_64, r-release-macos-arm64, r-release-windows-x86_64, r-oldrel-macos-arm64, r-oldrel-macos-x86_64, r-oldrel-windows-x86_64
Version: 1.0
Check: dependencies in R code
Result: NOTE
Namespaces in Imports field not imported from:
‘StanHeaders’ ‘methods’ ‘rstantools’
All declared Imports should be used.
Flavors: r-devel-linux-x86_64-fedora-clang, r-devel-linux-x86_64-fedora-gcc
Version: 1.0
Check: whether package can be installed
Result: ERROR
Installation failed.
Flavor: r-patched-linux-x86_64
Version: 1.0
Check: installed package size
Result: NOTE
installed size is 49.4Mb
sub-directories of 1Mb or more:
libs 48.7Mb
Flavors: r-release-macos-arm64, r-oldrel-macos-arm64, r-oldrel-macos-x86_64