Last updated on 2024-05-11 01:50:48 CEST.
Flavor | Version | Tinstall | Tcheck | Ttotal | Status | Flags |
---|---|---|---|---|---|---|
r-devel-linux-x86_64-debian-clang | 0.1.1 | 32.09 | 45.03 | 77.12 | NOTE | |
r-devel-linux-x86_64-debian-gcc | 0.1.1 | 26.36 | 33.31 | 59.67 | NOTE | |
r-devel-linux-x86_64-fedora-clang | 0.1.1 | 109.51 | NOTE | |||
r-devel-linux-x86_64-fedora-gcc | 0.1.1 | 151.13 | NOTE | |||
r-devel-windows-x86_64 | 0.1.1 | 29.00 | 76.00 | 105.00 | NOTE | |
r-patched-linux-x86_64 | 0.1.1 | 36.43 | 42.61 | 79.04 | NOTE | |
r-release-linux-x86_64 | 0.1.1 | 35.37 | 43.95 | 79.32 | NOTE | |
r-release-macos-arm64 | 0.1.1 | 29.00 | NOTE | |||
r-release-windows-x86_64 | 0.1.1 | 31.00 | 70.00 | 101.00 | NOTE | |
r-oldrel-macos-arm64 | 0.1.1 | 35.00 | NOTE | |||
r-oldrel-macos-x86_64 | 0.1.1 | 50.00 | NOTE | |||
r-oldrel-windows-x86_64 | 0.1.1 | 36.00 | 80.00 | 116.00 | NOTE |
Version: 0.1.1
Check: LazyData
Result: NOTE
'LazyData' is specified without a 'data' directory
Flavors: r-devel-linux-x86_64-debian-clang, r-devel-linux-x86_64-debian-gcc, r-devel-linux-x86_64-fedora-clang, r-devel-linux-x86_64-fedora-gcc, r-devel-windows-x86_64, r-patched-linux-x86_64, r-release-linux-x86_64, r-release-macos-arm64, r-release-windows-x86_64, r-oldrel-macos-arm64, r-oldrel-macos-x86_64, r-oldrel-windows-x86_64