Last updated on 2024-05-13 01:52:24 CEST.
Flavor | Version | Tinstall | Tcheck | Ttotal | Status | Flags |
---|---|---|---|---|---|---|
r-devel-linux-x86_64-debian-clang | 2.0.1 | 3.73 | 48.49 | 52.22 | OK | |
r-devel-linux-x86_64-debian-gcc | 2.0.1 | 2.47 | 36.52 | 38.99 | OK | |
r-devel-linux-x86_64-fedora-clang | 2.0.1 | 64.84 | NOTE | |||
r-devel-linux-x86_64-fedora-gcc | 2.0.1 | 81.80 | OK | |||
r-devel-windows-x86_64 | 2.0.1 | 4.00 | 71.00 | 75.00 | OK | |
r-patched-linux-x86_64 | 2.0.1 | 3.63 | 47.29 | 50.92 | OK | |
r-release-linux-x86_64 | 2.0.1 | 3.03 | 45.87 | 48.90 | OK | |
r-release-macos-arm64 | 2.0.1 | 28.00 | OK | |||
r-release-windows-x86_64 | 2.0.1 | 4.00 | 70.00 | 74.00 | OK | |
r-oldrel-macos-arm64 | 2.0.1 | 32.00 | OK | |||
r-oldrel-macos-x86_64 | 2.0.1 | 47.00 | OK | |||
r-oldrel-windows-x86_64 | 2.0.1 | 5.00 | 69.00 | 74.00 | OK |
Version: 2.0.1
Check: Rd cross-references
Result: NOTE
Undeclared package ‘scape’ in Rd xrefs
Flavor: r-devel-linux-x86_64-fedora-clang