Last updated on 2024-05-13 01:52:23 CEST.
Flavor | Version | Tinstall | Tcheck | Ttotal | Status | Flags |
---|---|---|---|---|---|---|
r-devel-linux-x86_64-debian-clang | 0.9.9 | 4.29 | 50.78 | 55.07 | OK | |
r-devel-linux-x86_64-debian-gcc | 0.9.9 | 2.96 | 40.08 | 43.04 | OK | |
r-devel-linux-x86_64-fedora-clang | 0.9.9 | 75.76 | NOTE | |||
r-devel-linux-x86_64-fedora-gcc | 0.9.9 | 97.45 | NOTE | |||
r-devel-windows-x86_64 | 0.9.9 | 7.00 | 72.00 | 79.00 | OK | |
r-patched-linux-x86_64 | 0.9.9 | 2.45 | 49.90 | 52.35 | OK | |
r-release-linux-x86_64 | 0.9.9 | 2.40 | 49.40 | 51.80 | OK | |
r-release-macos-arm64 | 0.9.9 | 41.00 | OK | |||
r-release-windows-x86_64 | 0.9.9 | 7.00 | 70.00 | 77.00 | OK | |
r-oldrel-macos-arm64 | 0.9.9 | 42.00 | OK | |||
r-oldrel-macos-x86_64 | 0.9.9 | 65.00 | OK | |||
r-oldrel-windows-x86_64 | 0.9.9 | 6.00 | 73.00 | 79.00 | OK |
Version: 0.9.9
Check: data for non-ASCII characters
Result: NOTE
Note: found 11 marked UTF-8 strings
Flavors: r-devel-linux-x86_64-fedora-clang, r-devel-linux-x86_64-fedora-gcc