Last updated on 2024-05-09 01:56:03 CEST.
Flavor | Version | Tinstall | Tcheck | Ttotal | Status | Flags |
---|---|---|---|---|---|---|
r-devel-linux-x86_64-debian-clang | 0.21.6 | 40.27 | 499.69 | 539.96 | NOTE | |
r-devel-linux-x86_64-debian-gcc | 0.21.6 | 28.37 | 353.01 | 381.38 | NOTE | |
r-devel-linux-x86_64-fedora-clang | 0.21.6 | 647.73 | ERROR | |||
r-devel-linux-x86_64-fedora-gcc | 0.21.6 | 665.63 | ERROR | |||
r-devel-windows-x86_64 | 0.21.6 | 34.00 | 306.00 | 340.00 | OK | |
r-patched-linux-x86_64 | 0.21.6 | 41.63 | 474.32 | 515.95 | NOTE | |
r-release-linux-x86_64 | 0.21.6 | 36.81 | 452.06 | 488.87 | NOTE | |
r-release-macos-arm64 | 0.21.6 | 137.00 | OK | |||
r-release-macos-x86_64 | 0.21.6 | 372.00 | OK | |||
r-release-windows-x86_64 | 0.21.6 | 30.00 | 301.00 | 331.00 | OK | |
r-oldrel-macos-arm64 | 0.21.6 | 141.00 | OK | |||
r-oldrel-macos-x86_64 | 0.21.6 | 348.00 | OK | |||
r-oldrel-windows-x86_64 | 0.21.6 | 41.00 | 399.00 | 440.00 | OK |
Version: 0.21.6
Check: package dependencies
Result: NOTE
Packages suggested but not available for checking: 'BayesFM', 'ivprobit'
Flavors: r-devel-linux-x86_64-debian-clang, r-devel-linux-x86_64-fedora-clang
Version: 0.21.6
Check: package dependencies
Result: NOTE
Package suggested but not available for checking: ‘ivprobit’
Flavors: r-devel-linux-x86_64-debian-gcc, r-devel-linux-x86_64-fedora-gcc, r-patched-linux-x86_64
Version: 0.21.6
Check: tests
Result: ERROR
Running ‘testthat.R’ [248s/144s]
Running the tests in ‘tests/testthat.R’ failed.
Complete output:
> library(parameters)
> library(testthat)
>
> test_check("parameters")
Starting 2 test processes
[ FAIL 1 | WARN 0 | SKIP 97 | PASS 654 ]
══ Skipped tests (97) ══════════════════════════════════════════════════════════
• BayesFM cannot be loaded (1): 'test-model_parameters.efa_cfa.R:69:3'
• On CRAN (84): 'test-GLMMadaptive.R:1:1', 'test-backticks.R:1:1',
'test-bootstrap_emmeans.R:1:1', 'test-bootstrap_parameters.R:1:1',
'test-compare_parameters.R:91:7', 'test-compare_parameters.R:95:5',
'test-complete_separation.R:15:7', 'test-complete_separation.R:27:7',
'test-complete_separation.R:40:7', 'test-efa.R:1:1',
'test-emmGrid-df_colname.R:1:1', 'test-equivalence_test.R:8:3',
'test-format_model_parameters2.R:2:3', 'test-gam.R:30:1',
'test-get_scores.R:1:1', 'test-glmer.R:1:1', 'test-glmmTMB-2.R:1:1',
'test-glmmTMB-profile_CI.R:2:3', 'test-glmmTMB.R:8:1', 'test-helper.R:1:1',
'test-ivreg.R:54:3', 'test-include_reference.R:15:3', 'test-lmerTest.R:1:1',
'test-mipo.R:19:3', 'test-mipo.R:33:3', 'test-mmrm.R:1:1',
'test-model_parameters.anova.R:1:1', 'test-model_parameters.aov.R:1:1',
'test-model_parameters.aov_es_ci.R:158:3',
'test-model_parameters.aov_es_ci.R:269:3',
'test-model_parameters.aov_es_ci.R:318:3',
'test-model_parameters.aov_es_ci.R:371:3',
'test-model_parameters.bracl.R:5:1', 'test-model_parameters.cgam.R:1:1',
'test-model_parameters.epi2x2.R:1:1',
'test-model_parameters.fixest_multi.R:3:1',
'test-model_parameters.fixest.R:2:3', 'test-model_parameters.fixest.R:77:3',
'test-model_parameters.ggeffects.R:12:3', 'test-model_parameters.glm.R:40:3',
'test-model_parameters.glm.R:68:3', 'test-model_parameters.logistf.R:1:1',
'test-model_parameters.mclogit.R:5:1',
'test-model_parameters.mediate.R:32:3', 'test-model_parameters.mixed.R:2:1',
'test-model_parameters.nnet.R:5:1', 'test-model_parameters_df.R:1:1',
'test-model_parameters.vgam.R:3:1', 'test-model_parameters_ordinal.R:1:1',
'test-model_parameters_random_pars.R:1:1', 'test-model_parameters_std.R:1:1',
'test-model_parameters_std_mixed.R:3:1', 'test-n_factors.R:10:3',
'test-n_factors.R:26:3', 'test-n_factors.R:76:3', 'test-p_adjust.R:1:1',
'test-p_value.R:14:1', 'test-panelr.R:1:1', 'test-pipe.R:1:1',
'test-plm.R:111:3', 'test-posterior.R:2:1', 'test-printing-stan.R:2:1',
'test-printing.R:1:1', 'test-pool_parameters.R:11:3', 'test-quantreg.R:1:1',
'test-random_effects_ci.R:4:1', 'test-robust.R:2:1', 'test-rstanarm.R:3:1',
'test-serp.R:17:5', 'test-printing2.R:15:7', 'test-printing2.R:22:7',
'test-printing2.R:27:7', 'test-printing2.R:32:7', 'test-printing2.R:37:7',
'test-printing2.R:49:7', 'test-printing2.R:91:7',
'test-visualisation_recipe.R:7:3', 'test-standardize_parameters.R:30:3',
'test-standardize_parameters.R:55:3', 'test-standardize_parameters.R:169:3',
'test-standardize_parameters.R:288:3', 'test-standardize_parameters.R:319:3',
'test-standardize_parameters.R:411:3', 'test-standardize_parameters.R:501:3'
• On Linux (5): 'test-model_parameters.BFBayesFactor.R:1:1',
'test-nestedLogit.R:78:3', 'test-random_effects_ci-glmmTMB.R:3:1',
'test-simulate_model.R:1:1', 'test-simulate_parameters.R:1:1'
• TODO: fix this test (1): 'test-model_parameters.lqmm.R:40:3'
• TODO: this one actually is not correct. (1):
'test-model_parameters_robust.R:142:3'
• empty test (5): 'test-wrs2.R:8:1', 'test-wrs2.R:18:1', 'test-wrs2.R:30:1',
'test-wrs2.R:43:1', 'test-wrs2.R:55:1'
══ Failed tests ════════════════════════════════════════════════════════════════
── Failure ('test-marginaleffects.R:11:3'): marginaleffects() ──────────────────
Names of `out` ('Parameter', 'Comparison', 'Coefficient', 'SE', 'Statistic', 'p', 'S', 'CI', 'CI_low', 'CI_high', 'predicted_lo', 'predicted_hi', 'Predicted') don't match 'Parameter', 'Coefficient', 'SE', 'Statistic', 'p', 'S', 'CI', 'CI_low', 'CI_high'
[ FAIL 1 | WARN 0 | SKIP 97 | PASS 654 ]
Error: Test failures
Execution halted
Flavor: r-devel-linux-x86_64-fedora-clang
Version: 0.21.6
Check: tests
Result: ERROR
Running ‘testthat.R’ [253s/148s]
Running the tests in ‘tests/testthat.R’ failed.
Complete output:
> library(parameters)
> library(testthat)
>
> test_check("parameters")
Starting 2 test processes
[ FAIL 1 | WARN 0 | SKIP 96 | PASS 655 ]
══ Skipped tests (96) ══════════════════════════════════════════════════════════
• On CRAN (84): 'test-GLMMadaptive.R:1:1', 'test-backticks.R:1:1',
'test-bootstrap_emmeans.R:1:1', 'test-bootstrap_parameters.R:1:1',
'test-compare_parameters.R:91:7', 'test-compare_parameters.R:95:5',
'test-complete_separation.R:15:7', 'test-complete_separation.R:27:7',
'test-complete_separation.R:40:7', 'test-efa.R:1:1',
'test-emmGrid-df_colname.R:1:1', 'test-equivalence_test.R:8:3',
'test-format_model_parameters2.R:2:3', 'test-gam.R:30:1',
'test-get_scores.R:1:1', 'test-glmer.R:1:1', 'test-glmmTMB-2.R:1:1',
'test-glmmTMB-profile_CI.R:2:3', 'test-glmmTMB.R:8:1', 'test-helper.R:1:1',
'test-include_reference.R:15:3', 'test-ivreg.R:54:3', 'test-lmerTest.R:1:1',
'test-mipo.R:19:3', 'test-mipo.R:33:3', 'test-mmrm.R:1:1',
'test-model_parameters.anova.R:1:1', 'test-model_parameters.aov.R:1:1',
'test-model_parameters.aov_es_ci.R:158:3',
'test-model_parameters.aov_es_ci.R:269:3',
'test-model_parameters.aov_es_ci.R:318:3',
'test-model_parameters.aov_es_ci.R:371:3',
'test-model_parameters.bracl.R:5:1', 'test-model_parameters.cgam.R:1:1',
'test-model_parameters.epi2x2.R:1:1', 'test-model_parameters.fixest.R:2:3',
'test-model_parameters.fixest.R:77:3',
'test-model_parameters.fixest_multi.R:3:1',
'test-model_parameters.ggeffects.R:12:3', 'test-model_parameters.glm.R:40:3',
'test-model_parameters.glm.R:68:3', 'test-model_parameters.logistf.R:1:1',
'test-model_parameters.mclogit.R:5:1',
'test-model_parameters.mediate.R:32:3', 'test-model_parameters.mixed.R:2:1',
'test-model_parameters.nnet.R:5:1', 'test-model_parameters.vgam.R:3:1',
'test-model_parameters_df.R:1:1', 'test-model_parameters_ordinal.R:1:1',
'test-model_parameters_random_pars.R:1:1', 'test-model_parameters_std.R:1:1',
'test-model_parameters_std_mixed.R:3:1', 'test-n_factors.R:10:3',
'test-n_factors.R:26:3', 'test-n_factors.R:76:3', 'test-p_adjust.R:1:1',
'test-p_value.R:14:1', 'test-panelr.R:1:1', 'test-pipe.R:1:1',
'test-plm.R:111:3', 'test-posterior.R:2:1', 'test-printing-stan.R:2:1',
'test-printing.R:1:1', 'test-pool_parameters.R:11:3', 'test-quantreg.R:1:1',
'test-random_effects_ci.R:4:1', 'test-printing2.R:15:7',
'test-printing2.R:22:7', 'test-printing2.R:27:7', 'test-printing2.R:32:7',
'test-printing2.R:37:7', 'test-printing2.R:49:7', 'test-printing2.R:91:7',
'test-robust.R:2:1', 'test-rstanarm.R:3:1', 'test-serp.R:17:5',
'test-visualisation_recipe.R:7:3', 'test-standardize_parameters.R:30:3',
'test-standardize_parameters.R:55:3', 'test-standardize_parameters.R:169:3',
'test-standardize_parameters.R:288:3', 'test-standardize_parameters.R:319:3',
'test-standardize_parameters.R:411:3', 'test-standardize_parameters.R:501:3'
• On Linux (5): 'test-model_parameters.BFBayesFactor.R:1:1',
'test-nestedLogit.R:78:3', 'test-random_effects_ci-glmmTMB.R:3:1',
'test-simulate_model.R:1:1', 'test-simulate_parameters.R:1:1'
• TODO: fix this test (1): 'test-model_parameters.lqmm.R:40:3'
• TODO: this one actually is not correct. (1):
'test-model_parameters_robust.R:142:3'
• empty test (5): 'test-wrs2.R:8:1', 'test-wrs2.R:18:1', 'test-wrs2.R:30:1',
'test-wrs2.R:43:1', 'test-wrs2.R:55:1'
══ Failed tests ════════════════════════════════════════════════════════════════
── Failure ('test-marginaleffects.R:11:3'): marginaleffects() ──────────────────
Names of `out` ('Parameter', 'Comparison', 'Coefficient', 'SE', 'Statistic', 'p', 'S', 'CI', 'CI_low', 'CI_high', 'predicted_lo', 'predicted_hi', 'Predicted') don't match 'Parameter', 'Coefficient', 'SE', 'Statistic', 'p', 'S', 'CI', 'CI_low', 'CI_high'
[ FAIL 1 | WARN 0 | SKIP 96 | PASS 655 ]
Error: Test failures
Execution halted
Flavor: r-devel-linux-x86_64-fedora-gcc
Version: 0.21.6
Check: package dependencies
Result: NOTE
Packages suggested but not available for checking: 'ivprobit', 'rstanarm'
Flavor: r-release-linux-x86_64