Last updated on 2024-05-11 01:50:47 CEST.
Flavor | Version | Tinstall | Tcheck | Ttotal | Status | Flags |
---|---|---|---|---|---|---|
r-devel-linux-x86_64-debian-clang | 0.10.7 | 56.75 | 272.34 | 329.09 | NOTE | |
r-devel-linux-x86_64-debian-gcc | 0.10.7 | 43.15 | 189.80 | 232.95 | NOTE | |
r-devel-linux-x86_64-fedora-clang | 0.10.7 | 406.90 | NOTE | |||
r-devel-linux-x86_64-fedora-gcc | 0.10.7 | 487.54 | NOTE | |||
r-devel-windows-x86_64 | 0.10.7 | 50.00 | 217.00 | 267.00 | NOTE | |
r-patched-linux-x86_64 | 0.10.7 | 50.71 | 251.24 | 301.95 | NOTE | |
r-release-linux-x86_64 | 0.10.7 | 50.23 | 251.79 | 302.02 | NOTE | |
r-release-macos-arm64 | 0.10.7 | 110.00 | NOTE | |||
r-release-windows-x86_64 | 0.10.7 | 49.00 | 205.00 | 254.00 | NOTE | |
r-oldrel-macos-arm64 | 0.10.7 | 250.00 | NOTE | |||
r-oldrel-macos-x86_64 | 0.10.7 | 379.00 | NOTE | |||
r-oldrel-windows-x86_64 | 0.10.7 | 62.00 | 266.00 | 328.00 | NOTE |
Version: 0.10.7
Check: package dependencies
Result: NOTE
Package suggested but not available for checking: ‘rrelaxiv’
Flavors: r-devel-linux-x86_64-debian-clang, r-devel-linux-x86_64-debian-gcc, r-devel-linux-x86_64-fedora-clang, r-devel-linux-x86_64-fedora-gcc, r-devel-windows-x86_64, r-patched-linux-x86_64, r-release-linux-x86_64, r-release-macos-arm64, r-release-windows-x86_64, r-oldrel-macos-arm64, r-oldrel-macos-x86_64, r-oldrel-windows-x86_64