Last updated on 2024-05-11 01:50:46 CEST.
Flavor | Version | Tinstall | Tcheck | Ttotal | Status | Flags |
---|---|---|---|---|---|---|
r-devel-linux-x86_64-debian-clang | 0.0.3 | 9.06 | 66.76 | 75.82 | OK | |
r-devel-linux-x86_64-debian-gcc | 0.0.3 | 5.58 | 50.10 | 55.68 | OK | |
r-devel-linux-x86_64-fedora-clang | 0.0.3 | 94.33 | NOTE | |||
r-devel-linux-x86_64-fedora-gcc | 0.0.3 | 139.56 | NOTE | |||
r-devel-windows-x86_64 | 0.0.3 | 8.00 | 67.00 | 75.00 | OK | |
r-patched-linux-x86_64 | 0.0.3 | 4.71 | 64.53 | 69.24 | OK | |
r-release-linux-x86_64 | 0.0.3 | 4.69 | 63.26 | 67.95 | OK | |
r-release-macos-arm64 | 0.0.3 | 28.00 | OK | |||
r-release-windows-x86_64 | 0.0.3 | 8.00 | 67.00 | 75.00 | OK | |
r-oldrel-macos-arm64 | 0.0.3 | 29.00 | OK | |||
r-oldrel-macos-x86_64 | 0.0.3 | 44.00 | OK | |||
r-oldrel-windows-x86_64 | 0.0.3 | 10.00 | 77.00 | 87.00 | OK |
Version: 0.0.3
Check: data for non-ASCII characters
Result: NOTE
Note: found 4 marked UTF-8 strings
Flavors: r-devel-linux-x86_64-fedora-clang, r-devel-linux-x86_64-fedora-gcc