Last updated on 2024-05-13 01:52:22 CEST.
Flavor | Version | Tinstall | Tcheck | Ttotal | Status | Flags |
---|---|---|---|---|---|---|
r-devel-linux-x86_64-debian-clang | 0.4.0 | 10.64 | 66.84 | 77.48 | OK | |
r-devel-linux-x86_64-debian-gcc | 0.4.0 | 10.40 | 50.90 | 61.30 | OK | |
r-devel-linux-x86_64-fedora-clang | 0.4.0 | 99.84 | NOTE | |||
r-devel-linux-x86_64-fedora-gcc | 0.4.0 | 117.92 | NOTE | |||
r-devel-windows-x86_64 | 0.4.0 | 11.00 | 84.00 | 95.00 | OK | |
r-patched-linux-x86_64 | 0.4.0 | 10.75 | 63.04 | 73.79 | OK | |
r-release-linux-x86_64 | 0.4.0 | 12.12 | 64.61 | 76.73 | OK | |
r-release-macos-arm64 | 0.4.0 | 37.00 | OK | |||
r-release-windows-x86_64 | 0.4.0 | 10.00 | 71.00 | 81.00 | OK | |
r-oldrel-macos-arm64 | 0.4.0 | 41.00 | NOTE | |||
r-oldrel-macos-x86_64 | 0.4.0 | 58.00 | OK | |||
r-oldrel-windows-x86_64 | 0.4.0 | 12.00 | 109.00 | 121.00 | OK |
Version: 0.4.0
Check: data for non-ASCII characters
Result: NOTE
Note: found 6409 marked UTF-8 strings
Flavors: r-devel-linux-x86_64-fedora-clang, r-devel-linux-x86_64-fedora-gcc
Version: 0.4.0
Check: installed package size
Result: NOTE
installed size is 5.3Mb
sub-directories of 1Mb or more:
data 5.0Mb
Flavor: r-oldrel-macos-arm64