Last updated on 2024-05-08 01:48:21 CEST.
Flavor | Version | Tinstall | Tcheck | Ttotal | Status | Flags |
---|---|---|---|---|---|---|
r-devel-linux-x86_64-debian-clang | 0.2.2 | 24.86 | 56.90 | 81.76 | NOTE | |
r-devel-linux-x86_64-debian-gcc | 0.2.2 | 19.60 | 41.87 | 61.47 | NOTE | |
r-devel-linux-x86_64-fedora-clang | 0.2.2 | 108.59 | NOTE | |||
r-devel-linux-x86_64-fedora-gcc | 0.2.2 | 157.06 | NOTE | |||
r-devel-windows-x86_64 | 0.2.2 | 19.00 | 82.00 | 101.00 | NOTE | |
r-patched-linux-x86_64 | 0.2.2 | 22.84 | 53.20 | 76.04 | NOTE | |
r-release-linux-x86_64 | 0.2.2 | 24.26 | 54.86 | 79.12 | NOTE | |
r-release-macos-arm64 | 0.2.2 | 29.00 | NOTE | |||
r-release-windows-x86_64 | 0.2.2 | 19.00 | 83.00 | 102.00 | NOTE | |
r-oldrel-macos-arm64 | 0.2.2 | 36.00 | NOTE | |||
r-oldrel-macos-x86_64 | 0.2.2 | 52.00 | NOTE | |||
r-oldrel-windows-x86_64 | 0.2.2 | 19.00 | 93.00 | 112.00 | NOTE |
Version: 0.2.2
Check: LazyData
Result: NOTE
'LazyData' is specified without a 'data' directory
Flavors: r-devel-linux-x86_64-debian-clang, r-devel-linux-x86_64-debian-gcc, r-devel-linux-x86_64-fedora-clang, r-devel-linux-x86_64-fedora-gcc, r-devel-windows-x86_64, r-patched-linux-x86_64, r-release-linux-x86_64, r-release-macos-arm64, r-release-windows-x86_64, r-oldrel-macos-arm64, r-oldrel-macos-x86_64, r-oldrel-windows-x86_64
Version: 0.2.2
Check: compiled code
Result: NOTE
File ‘noncompliance/libs/noncompliance.so’:
Found no calls to: ‘R_registerRoutines’, ‘R_useDynamicSymbols’
It is good practice to register native routines and to disable symbol
search.
See ‘Writing portable packages’ in the ‘Writing R Extensions’ manual.
Flavors: r-devel-linux-x86_64-fedora-clang, r-devel-linux-x86_64-fedora-gcc