Last updated on 2024-05-13 01:52:20 CEST.
Flavor | Version | Tinstall | Tcheck | Ttotal | Status | Flags |
---|---|---|---|---|---|---|
r-devel-linux-x86_64-debian-clang | 1.0.0 | 5.46 | 53.08 | 58.54 | NOTE | |
r-devel-linux-x86_64-debian-gcc | 1.0.0 | 2.78 | 38.96 | 41.74 | NOTE | |
r-devel-linux-x86_64-fedora-clang | 1.0.0 | 72.85 | NOTE | |||
r-devel-linux-x86_64-fedora-gcc | 1.0.0 | 72.40 | NOTE | |||
r-devel-windows-x86_64 | 1.0.0 | 6.00 | 65.00 | 71.00 | NOTE | |
r-patched-linux-x86_64 | 1.0.0 | 3.66 | 51.30 | 54.96 | NOTE | |
r-release-linux-x86_64 | 1.0.0 | 2.91 | 49.26 | 52.17 | NOTE | |
r-release-macos-arm64 | 1.0.0 | 24.00 | NOTE | |||
r-release-windows-x86_64 | 1.0.0 | 7.00 | 64.00 | 71.00 | NOTE | |
r-oldrel-macos-arm64 | 1.0.0 | 25.00 | NOTE | |||
r-oldrel-macos-x86_64 | 1.0.0 | 37.00 | NOTE | |||
r-oldrel-windows-x86_64 | 1.0.0 | 6.00 | 73.00 | 79.00 | NOTE |
Version: 1.0.0
Check: LazyData
Result: NOTE
'LazyData' is specified without a 'data' directory
Flavors: r-devel-linux-x86_64-debian-clang, r-devel-linux-x86_64-debian-gcc, r-devel-linux-x86_64-fedora-clang, r-devel-linux-x86_64-fedora-gcc, r-devel-windows-x86_64, r-patched-linux-x86_64, r-release-linux-x86_64, r-release-macos-arm64, r-release-windows-x86_64, r-oldrel-macos-arm64, r-oldrel-macos-x86_64, r-oldrel-windows-x86_64