Last updated on 2024-05-11 01:50:44 CEST.
Flavor | Version | Tinstall | Tcheck | Ttotal | Status | Flags |
---|---|---|---|---|---|---|
r-devel-linux-x86_64-debian-clang | 1.0.2 | 31.58 | 394.85 | 426.43 | NOTE | |
r-devel-linux-x86_64-debian-gcc | 1.0.2 | 33.58 | 277.60 | 311.18 | NOTE | |
r-devel-linux-x86_64-fedora-clang | 1.0.2 | 517.20 | NOTE | |||
r-devel-linux-x86_64-fedora-gcc | 1.0.2 | 671.71 | NOTE | |||
r-devel-windows-x86_64 | 1.0.2 | 29.00 | 242.00 | 271.00 | NOTE | |
r-patched-linux-x86_64 | 1.0.2 | 40.24 | 366.90 | 407.14 | NOTE | |
r-release-linux-x86_64 | 1.0.2 | 39.54 | 364.23 | 403.77 | NOTE | |
r-release-macos-arm64 | 1.0.2 | 120.00 | NOTE | |||
r-release-windows-x86_64 | 1.0.2 | 30.00 | 240.00 | 270.00 | NOTE | |
r-oldrel-macos-arm64 | 1.0.2 | 139.00 | OK | |||
r-oldrel-macos-x86_64 | 1.0.2 | 233.00 | OK | |||
r-oldrel-windows-x86_64 | 1.0.2 | 42.00 | 312.00 | 354.00 | OK |
Version: 1.0.2
Check: Rd files
Result: NOTE
checkRd: (-1) mgLandscape.Rd:79: Lost braces
79 | A code{$summary} table giving the results of the variation partitioning. The following table
| ^
Flavors: r-devel-linux-x86_64-debian-clang, r-devel-linux-x86_64-debian-gcc, r-devel-linux-x86_64-fedora-clang, r-devel-linux-x86_64-fedora-gcc, r-devel-windows-x86_64, r-patched-linux-x86_64, r-release-linux-x86_64, r-release-macos-arm64, r-release-windows-x86_64