Last updated on 2024-05-21 02:02:09 CEST.
Flavor | Version | Tinstall | Tcheck | Ttotal | Status | Flags |
---|---|---|---|---|---|---|
r-devel-linux-x86_64-debian-clang | 1.0.2 | 47.94 | 52.96 | 100.90 | NOTE | |
r-devel-linux-x86_64-debian-gcc | 1.0.2 | 36.95 | 39.56 | 76.51 | NOTE | |
r-devel-linux-x86_64-fedora-clang | 1.0.2 | 145.85 | NOTE | |||
r-devel-linux-x86_64-fedora-gcc | 1.0.2 | 138.00 | NOTE | |||
r-devel-windows-x86_64 | 1.0.2 | 47.00 | 82.00 | 129.00 | NOTE | |
r-patched-linux-x86_64 | 1.0.2 | 52.24 | 51.28 | 103.52 | OK | |
r-release-linux-x86_64 | 1.0.2 | 54.06 | 51.86 | 105.92 | OK | |
r-release-macos-arm64 | 1.0.2 | 35.00 | OK | |||
r-release-windows-x86_64 | 1.0.2 | 47.00 | 82.00 | 129.00 | OK | |
r-oldrel-macos-arm64 | 1.0.2 | 44.00 | OK | |||
r-oldrel-macos-x86_64 | 1.0.2 | 59.00 | OK | |||
r-oldrel-windows-x86_64 | 1.0.2 | 57.00 | 89.00 | 146.00 | OK |
Version: 1.0.2
Check: compiled code
Result: NOTE
File ‘meltr/libs/meltr.so’:
Found non-API calls to R: ‘SETLENGTH’, ‘SET_TRUELENGTH’
Compiled code should not call non-API entry points in R.
See ‘Writing portable packages’ in the ‘Writing R Extensions’ manual.
Flavors: r-devel-linux-x86_64-debian-clang, r-devel-linux-x86_64-debian-gcc, r-devel-linux-x86_64-fedora-clang, r-devel-linux-x86_64-fedora-gcc
Version: 1.0.2
Check: compiled code
Result: NOTE
File 'meltr/libs/x64/meltr.dll':
Found non-API calls to R: 'SETLENGTH', 'SET_TRUELENGTH'
Compiled code should not call non-API entry points in R.
See 'Writing portable packages' in the 'Writing R Extensions' manual.
Flavor: r-devel-windows-x86_64