Last updated on 2024-05-13 01:52:18 CEST.
Flavor | Version | Tinstall | Tcheck | Ttotal | Status | Flags |
---|---|---|---|---|---|---|
r-devel-linux-x86_64-debian-clang | 1.2.0 | 4.88 | 42.81 | 47.69 | NOTE | |
r-devel-linux-x86_64-debian-gcc | 1.2.0 | 4.01 | 32.84 | 36.85 | NOTE | |
r-devel-linux-x86_64-fedora-clang | 1.2.0 | 60.27 | NOTE | |||
r-devel-linux-x86_64-fedora-gcc | 1.2.0 | 110.03 | NOTE | |||
r-devel-windows-x86_64 | 1.2.0 | 5.00 | 55.00 | 60.00 | NOTE | |
r-patched-linux-x86_64 | 1.2.0 | 5.32 | 41.08 | 46.40 | NOTE | |
r-release-linux-x86_64 | 1.2.0 | 4.00 | 41.21 | 45.21 | NOTE | |
r-release-macos-arm64 | 1.2.0 | 22.00 | NOTE | |||
r-release-windows-x86_64 | 1.2.0 | 8.00 | 54.00 | 62.00 | NOTE | |
r-oldrel-macos-arm64 | 1.2.0 | 24.00 | NOTE | |||
r-oldrel-macos-x86_64 | 1.2.0 | 32.00 | NOTE | |||
r-oldrel-windows-x86_64 | 1.2.0 | 7.00 | 58.00 | 65.00 | NOTE |
Version: 1.2.0
Check: LazyData
Result: NOTE
'LazyData' is specified without a 'data' directory
Flavors: r-devel-linux-x86_64-debian-clang, r-devel-linux-x86_64-debian-gcc, r-devel-linux-x86_64-fedora-clang, r-devel-linux-x86_64-fedora-gcc, r-devel-windows-x86_64, r-patched-linux-x86_64, r-release-linux-x86_64, r-release-macos-arm64, r-release-windows-x86_64, r-oldrel-macos-arm64, r-oldrel-macos-x86_64, r-oldrel-windows-x86_64