Last updated on 2024-05-21 02:02:06 CEST.
Flavor | Version | Tinstall | Tcheck | Ttotal | Status | Flags |
---|---|---|---|---|---|---|
r-devel-linux-x86_64-debian-clang | 1.6.4 | 4.03 | 60.56 | 64.59 | OK | |
r-devel-linux-x86_64-debian-gcc | 1.6.4 | 4.00 | 44.30 | 48.30 | OK | |
r-devel-linux-x86_64-fedora-clang | 1.6.4 | 82.53 | NOTE | |||
r-devel-linux-x86_64-fedora-gcc | 1.6.4 | 90.41 | NOTE | |||
r-devel-windows-x86_64 | 1.6.4 | 6.00 | 76.00 | 82.00 | OK | |
r-patched-linux-x86_64 | 1.6.4 | 5.74 | 55.72 | 61.46 | OK | |
r-release-linux-x86_64 | 1.6.4 | 4.64 | 56.36 | 61.00 | OK | |
r-release-macos-arm64 | 1.6.4 | 32.00 | OK | |||
r-release-windows-x86_64 | 1.6.4 | 7.00 | 77.00 | 84.00 | OK | |
r-oldrel-macos-arm64 | 1.6.4 | 31.00 | OK | |||
r-oldrel-macos-x86_64 | 1.6.4 | 51.00 | OK | |||
r-oldrel-windows-x86_64 | 1.6.4 | 7.00 | 81.00 | 88.00 | OK |
Version: 1.6.4
Check: data for non-ASCII characters
Result: NOTE
Note: found 22 marked UTF-8 strings
Flavors: r-devel-linux-x86_64-fedora-clang, r-devel-linux-x86_64-fedora-gcc