Last updated on 2024-05-19 01:58:21 CEST.
Flavor | Version | Tinstall | Tcheck | Ttotal | Status | Flags |
---|---|---|---|---|---|---|
r-devel-linux-x86_64-debian-clang | 1.0.0 | 19.67 | 27.53 | 47.20 | NOTE | |
r-devel-linux-x86_64-debian-gcc | 1.0.0 | 16.40 | 21.66 | 38.06 | NOTE | |
r-devel-linux-x86_64-fedora-clang | 1.0.0 | 68.24 | NOTE | |||
r-devel-linux-x86_64-fedora-gcc | 1.0.0 | 109.77 | NOTE | |||
r-devel-windows-x86_64 | 1.0.0 | 17.00 | 59.00 | 76.00 | NOTE | |
r-patched-linux-x86_64 | 1.0.0 | 20.27 | 27.19 | 47.46 | NOTE | |
r-release-linux-x86_64 | 1.0.0 | 20.63 | 26.67 | 47.30 | NOTE | |
r-release-macos-arm64 | 1.0.0 | 20.00 | NOTE | |||
r-release-windows-x86_64 | 1.0.0 | 17.00 | 60.00 | 77.00 | NOTE | |
r-oldrel-macos-arm64 | 1.0.0 | 24.00 | NOTE | |||
r-oldrel-macos-x86_64 | 1.0.0 | 33.00 | NOTE | |||
r-oldrel-windows-x86_64 | 1.0.0 | 20.00 | 68.00 | 88.00 | NOTE |
Version: 1.0.0
Check: LazyData
Result: NOTE
'LazyData' is specified without a 'data' directory
Flavors: r-devel-linux-x86_64-debian-clang, r-devel-linux-x86_64-debian-gcc, r-devel-linux-x86_64-fedora-clang, r-devel-linux-x86_64-fedora-gcc, r-devel-windows-x86_64, r-patched-linux-x86_64, r-release-linux-x86_64, r-release-macos-arm64, r-release-windows-x86_64, r-oldrel-macos-arm64, r-oldrel-macos-x86_64, r-oldrel-windows-x86_64
Version: 1.0.0
Check: compiled code
Result: NOTE
File ‘ibmcraftr/libs/ibmcraftr.so’:
Found no calls to: ‘R_registerRoutines’, ‘R_useDynamicSymbols’
It is good practice to register native routines and to disable symbol
search.
See ‘Writing portable packages’ in the ‘Writing R Extensions’ manual.
Flavors: r-devel-linux-x86_64-fedora-clang, r-devel-linux-x86_64-fedora-gcc