Last updated on 2024-05-23 01:57:57 CEST.
Flavor | Version | Tinstall | Tcheck | Ttotal | Status | Flags |
---|---|---|---|---|---|---|
r-devel-linux-x86_64-debian-clang | 3.0-9 | 12.69 | 68.91 | 81.60 | NOTE | |
r-devel-linux-x86_64-debian-gcc | 3.0-9 | 8.62 | 47.92 | 56.54 | NOTE | |
r-devel-linux-x86_64-fedora-clang | 3.0-9 | 94.16 | NOTE | |||
r-devel-linux-x86_64-fedora-gcc | 3.0-9 | 89.90 | NOTE | |||
r-devel-windows-x86_64 | 3.0-9 | 12.00 | 76.00 | 88.00 | NOTE | |
r-patched-linux-x86_64 | 3.0-9 | 11.21 | 65.39 | 76.60 | NOTE | |
r-release-linux-x86_64 | 3.0-9 | 10.15 | 62.83 | 72.98 | NOTE | |
r-release-macos-arm64 | 3.0-9 | 26.00 | NOTE | |||
r-release-windows-x86_64 | 3.0-9 | 13.00 | 77.00 | 90.00 | NOTE | |
r-oldrel-macos-arm64 | 3.0-9 | 31.00 | OK | |||
r-oldrel-macos-x86_64 | 3.0-9 | 50.00 | OK | |||
r-oldrel-windows-x86_64 | 3.0-9 | 13.00 | 80.00 | 93.00 | OK |
Version: 3.0-9
Check: Rd files
Result: NOTE
checkRd: (-1) nafracCalc.Rd:45: Lost braces
45 | as if code{y} were not of class \code{"multipleHmmDataSets"}.
| ^
Flavors: r-devel-linux-x86_64-debian-clang, r-devel-linux-x86_64-debian-gcc, r-devel-linux-x86_64-fedora-clang, r-devel-linux-x86_64-fedora-gcc, r-devel-windows-x86_64, r-patched-linux-x86_64, r-release-linux-x86_64, r-release-macos-arm64, r-release-windows-x86_64