Last updated on 2024-05-19 01:58:21 CEST.
Flavor | Version | Tinstall | Tcheck | Ttotal | Status | Flags |
---|---|---|---|---|---|---|
r-devel-linux-x86_64-debian-clang | 0.1.0 | 63.89 | 23.08 | 86.97 | NOTE | |
r-devel-linux-x86_64-debian-gcc | 0.1.0 | 45.27 | 18.42 | 63.69 | NOTE | |
r-devel-linux-x86_64-fedora-clang | 0.1.0 | 113.68 | NOTE | |||
r-devel-linux-x86_64-fedora-gcc | 0.1.0 | 112.16 | NOTE | |||
r-devel-windows-x86_64 | 0.1.0 | 40.00 | 54.00 | 94.00 | NOTE | |
r-patched-linux-x86_64 | 0.1.0 | 60.27 | 23.09 | 83.36 | OK | |
r-release-linux-x86_64 | 0.1.0 | 59.43 | 23.16 | 82.59 | OK | |
r-release-macos-arm64 | 0.1.0 | 33.00 | NOTE | |||
r-release-macos-x86_64 | 0.1.0 | 68.00 | NOTE | |||
r-release-windows-x86_64 | 0.1.0 | 43.00 | 55.00 | 98.00 | OK | |
r-oldrel-macos-arm64 | 0.1.0 | 40.00 | NOTE | |||
r-oldrel-macos-x86_64 | 0.1.0 | 72.00 | NOTE | |||
r-oldrel-windows-x86_64 | 0.1.0 | 46.00 | 60.00 | 106.00 | OK |
Version: 0.1.0
Check: compiled code
Result: NOTE
File ‘heck/libs/heck.so’:
Found non-API calls to R: ‘SET_ENCLOS’, ‘SET_ENVFLAGS’, ‘SET_PRCODE’,
‘SET_PRENV’, ‘SET_PRVALUE’
Compiled code should not call non-API entry points in R.
See ‘Writing portable packages’ in the ‘Writing R Extensions’ manual.
Flavors: r-devel-linux-x86_64-debian-clang, r-devel-linux-x86_64-debian-gcc, r-devel-linux-x86_64-fedora-clang, r-devel-linux-x86_64-fedora-gcc
Version: 0.1.0
Check: compiled code
Result: NOTE
File 'heck/libs/x64/heck.dll':
Found non-API calls to R: 'SET_ENCLOS', 'SET_ENVFLAGS', 'SET_PRCODE',
'SET_PRENV', 'SET_PRVALUE'
Compiled code should not call non-API entry points in R.
See 'Writing portable packages' in the 'Writing R Extensions' manual.
Flavor: r-devel-windows-x86_64
Version: 0.1.0
Check: installed package size
Result: NOTE
installed size is 7.3Mb
sub-directories of 1Mb or more:
libs 7.2Mb
Flavors: r-release-macos-arm64, r-release-macos-x86_64, r-oldrel-macos-arm64, r-oldrel-macos-x86_64