Last updated on 2024-05-11 01:50:36 CEST.
Flavor | Version | Tinstall | Tcheck | Ttotal | Status | Flags |
---|---|---|---|---|---|---|
r-devel-linux-x86_64-debian-clang | 0.9.9 | 20.77 | 206.95 | 227.72 | OK | |
r-devel-linux-x86_64-debian-gcc | 0.9.9 | 18.41 | 151.86 | 170.27 | OK | |
r-devel-linux-x86_64-fedora-clang | 0.9.9 | 296.78 | NOTE | |||
r-devel-linux-x86_64-fedora-gcc | 0.9.9 | 331.51 | NOTE | |||
r-devel-windows-x86_64 | 0.9.9 | 21.00 | 207.00 | 228.00 | OK | |
r-patched-linux-x86_64 | 0.9.9 | 21.41 | 196.14 | 217.55 | OK | |
r-release-linux-x86_64 | 0.9.9 | 19.68 | 197.98 | 217.66 | OK | |
r-release-macos-arm64 | 0.9.9 | 73.00 | OK | |||
r-release-windows-x86_64 | 0.9.9 | 23.00 | 210.00 | 233.00 | OK | |
r-oldrel-macos-arm64 | 0.9.9 | 79.00 | OK | |||
r-oldrel-macos-x86_64 | 0.9.9 | 156.00 | OK | |||
r-oldrel-windows-x86_64 | 0.9.9 | 29.00 | 255.00 | 284.00 | OK |
Version: 0.9.9
Check: data for non-ASCII characters
Result: NOTE
Note: found 3 marked Latin-1 strings
Note: found 3 marked UTF-8 strings
Flavors: r-devel-linux-x86_64-fedora-clang, r-devel-linux-x86_64-fedora-gcc