Last updated on 2024-04-23 01:56:58 CEST.
Flavor | Version | Tinstall | Tcheck | Ttotal | Status | Flags |
---|---|---|---|---|---|---|
r-devel-linux-x86_64-debian-clang | 0.53 | 64.74 | 189.19 | 253.93 | OK | |
r-devel-linux-x86_64-debian-gcc | 0.53 | 50.64 | 137.31 | 187.95 | OK | |
r-devel-linux-x86_64-fedora-clang | 0.53 | 312.10 | NOTE | |||
r-devel-linux-x86_64-fedora-gcc | 0.53 | 316.22 | OK | |||
r-prerel-macos-arm64 | 0.53 | 80.00 | NOTE | |||
r-prerel-macos-x86_64 | 0.53 | 244.00 | NOTE | |||
r-prerel-windows-x86_64 | 0.53 | 51.00 | 161.00 | 212.00 | OK | |
r-patched-linux-x86_64 | 0.53 | 64.94 | 179.54 | 244.48 | OK | |
r-release-linux-x86_64 | 0.53 | 63.93 | 183.93 | 247.86 | OK | |
r-release-macos-arm64 | 0.53 | 100.00 | NOTE | |||
r-release-macos-x86_64 | 0.53 | 185.00 | NOTE | |||
r-release-windows-x86_64 | 0.53 | 60.00 | 202.00 | 262.00 | OK | |
r-oldrel-macos-arm64 | 0.53 | 84.00 | NOTE | |||
r-oldrel-windows-x86_64 | 0.53 | 61.00 | 197.00 | 258.00 | OK |
Version: 0.53
Check: Rd cross-references
Result: NOTE
Undeclared package ‘quantreg’ in Rd xrefs
Flavor: r-devel-linux-x86_64-fedora-clang
Version: 0.53
Check: installed package size
Result: NOTE
installed size is 10.6Mb
sub-directories of 1Mb or more:
libs 9.2Mb
Flavors: r-prerel-macos-arm64, r-prerel-macos-x86_64, r-release-macos-arm64, r-release-macos-x86_64, r-oldrel-macos-arm64