Last updated on 2024-05-11 01:50:35 CEST.
Flavor | Version | Tinstall | Tcheck | Ttotal | Status | Flags |
---|---|---|---|---|---|---|
r-devel-linux-x86_64-debian-clang | 0.0.4 | 16.67 | 137.24 | 153.91 | OK | |
r-devel-linux-x86_64-debian-gcc | 0.0.4 | 11.72 | 102.20 | 113.92 | OK | |
r-devel-linux-x86_64-fedora-clang | 0.0.4 | 193.73 | NOTE | |||
r-devel-linux-x86_64-fedora-gcc | 0.0.4 | 251.88 | OK | |||
r-devel-windows-x86_64 | 0.0.4 | 12.00 | 121.00 | 133.00 | OK | |
r-patched-linux-x86_64 | 0.0.4 | 10.23 | 136.21 | 146.44 | OK | |
r-release-linux-x86_64 | 0.0.4 | 12.59 | 131.13 | 143.72 | OK | |
r-release-macos-arm64 | 0.0.4 | 64.00 | OK | |||
r-release-windows-x86_64 | 0.0.4 | 12.00 | 120.00 | 132.00 | OK | |
r-oldrel-macos-arm64 | 0.0.4 | 62.00 | OK | |||
r-oldrel-macos-x86_64 | 0.0.4 | 105.00 | OK | |||
r-oldrel-windows-x86_64 | 0.0.4 | 15.00 | 143.00 | 158.00 | OK |
Version: 0.0.4
Check: Rd cross-references
Result: NOTE
Undeclared package ‘data.table’ in Rd xrefs
Flavor: r-devel-linux-x86_64-fedora-clang