Last updated on 2024-05-09 01:55:53 CEST.
Flavor | Version | Tinstall | Tcheck | Ttotal | Status | Flags |
---|---|---|---|---|---|---|
r-devel-linux-x86_64-debian-clang | 0.1.1 | 27.28 | 48.03 | 75.31 | OK | |
r-devel-linux-x86_64-debian-gcc | 0.1.1 | 21.64 | 36.16 | 57.80 | OK | |
r-devel-linux-x86_64-fedora-clang | 0.1.1 | 98.69 | NOTE | |||
r-devel-linux-x86_64-fedora-gcc | 0.1.1 | 175.25 | OK | |||
r-devel-windows-x86_64 | 0.1.1 | 22.00 | 83.00 | 105.00 | OK | |
r-patched-linux-x86_64 | 0.1.1 | 24.66 | 45.22 | 69.88 | OK | |
r-release-linux-x86_64 | 0.1.1 | 24.17 | 46.08 | 70.25 | OK | |
r-release-macos-arm64 | 0.1.1 | 38.00 | OK | |||
r-release-windows-x86_64 | 0.1.1 | 22.00 | 80.00 | 102.00 | OK | |
r-oldrel-macos-arm64 | 0.1.1 | 42.00 | OK | |||
r-oldrel-macos-x86_64 | 0.1.1 | 73.00 | OK | |||
r-oldrel-windows-x86_64 | 0.1.1 | 24.00 | 91.00 | 115.00 | OK |
Version: 0.1.1
Check: Rd cross-references
Result: NOTE
Undeclared package ‘RcppEigen’ in Rd xrefs
Flavor: r-devel-linux-x86_64-fedora-clang