Last updated on 2024-05-04 01:48:41 CEST.
Flavor | Version | Tinstall | Tcheck | Ttotal | Status | Flags |
---|---|---|---|---|---|---|
r-devel-linux-x86_64-debian-clang | 1.1.4 | 27.24 | 370.64 | 397.88 | NOTE | |
r-devel-linux-x86_64-fedora-clang | 1.1.4 | 492.99 | NOTE | |||
r-devel-linux-x86_64-fedora-gcc | 1.1.4 | 487.15 | NOTE | |||
r-devel-windows-x86_64 | 1.1.4 | 34.00 | 290.00 | 324.00 | NOTE | |
r-patched-linux-x86_64 | 1.1.4 | 28.95 | 348.35 | 377.30 | OK | |
r-release-linux-x86_64 | 1.1.4 | 28.27 | 356.53 | 384.80 | OK | |
r-release-macos-arm64 | 1.1.4 | 137.00 | OK | |||
r-release-windows-x86_64 | 1.1.4 | 1.00 | 5.00 | 6.00 | ERROR | |
r-oldrel-macos-arm64 | 1.1.4 | 136.00 | OK | |||
r-oldrel-macos-x86_64 | 1.1.4 | 480.00 | OK | |||
r-oldrel-windows-x86_64 | 1.1.4 | 37.00 | 382.00 | 419.00 | OK |
Version: 1.1.4
Check: compiled code
Result: NOTE
File ‘dplyr/libs/dplyr.so’:
Found non-API calls to R: ‘SET_PRCODE’, ‘SET_PRENV’, ‘SET_PRVALUE’
Compiled code should not call non-API entry points in R.
See ‘Writing portable packages’ in the ‘Writing R Extensions’ manual.
Flavors: r-devel-linux-x86_64-debian-clang, r-devel-linux-x86_64-fedora-clang, r-devel-linux-x86_64-fedora-gcc
Version: 1.1.4
Check: data for non-ASCII characters
Result: NOTE
Note: found 4 marked UTF-8 strings
Flavors: r-devel-linux-x86_64-fedora-clang, r-devel-linux-x86_64-fedora-gcc
Version: 1.1.4
Check: compiled code
Result: NOTE
File 'dplyr/libs/x64/dplyr.dll':
Found non-API calls to R: 'SET_PRCODE', 'SET_PRENV', 'SET_PRVALUE'
Compiled code should not call non-API entry points in R.
See 'Writing portable packages' in the 'Writing R Extensions' manual.
Flavor: r-devel-windows-x86_64
Version: 1.1.4
Check: whether package can be installed
Result: ERROR
Installation failed.
Flavor: r-release-windows-x86_64