Last updated on 2024-05-13 01:52:10 CEST.
Flavor | Version | Tinstall | Tcheck | Ttotal | Status | Flags |
---|---|---|---|---|---|---|
r-devel-linux-x86_64-debian-clang | 1.0.1 | 43.19 | 71.35 | 114.54 | OK | |
r-devel-linux-x86_64-debian-gcc | 1.0.1 | 37.93 | 54.91 | 92.84 | OK | |
r-devel-linux-x86_64-fedora-clang | 1.0.1 | 161.14 | OK | |||
r-devel-linux-x86_64-fedora-gcc | 1.0.1 | 220.77 | OK | |||
r-devel-windows-x86_64 | 1.0.1 | 36.00 | 94.00 | 130.00 | OK | |
r-patched-linux-x86_64 | 1.0.1 | 34.70 | 68.73 | 103.43 | OK | |
r-release-linux-x86_64 | 1.0.1 | 42.45 | 70.23 | 112.68 | OK | |
r-release-macos-arm64 | 1.0.1 | 54.00 | OK | |||
r-release-windows-x86_64 | 1.0.1 | 40.00 | 92.00 | 132.00 | OK | |
r-oldrel-macos-arm64 | 1.0.1 | 52.00 | OK | |||
r-oldrel-macos-x86_64 | 1.0.1 | 73.00 | NOTE | |||
r-oldrel-windows-x86_64 | 1.0.1 | 48.00 | 107.00 | 155.00 | OK |
Version: 1.0.1
Check: package dependencies
Result: NOTE
Package suggested but not available for checking: ‘parallelDist’
Flavor: r-oldrel-macos-x86_64