Last updated on 2024-05-21 02:01:59 CEST.
Flavor | Version | Tinstall | Tcheck | Ttotal | Status | Flags |
---|---|---|---|---|---|---|
r-devel-linux-x86_64-debian-clang | 0.1-1 | 13.87 | 113.32 | 127.19 | OK | |
r-devel-linux-x86_64-debian-gcc | 0.1-1 | 13.17 | 83.11 | 96.28 | OK | |
r-devel-linux-x86_64-fedora-clang | 0.1-1 | 167.35 | OK | |||
r-devel-linux-x86_64-fedora-gcc | 0.1-1 | 149.23 | OK | |||
r-devel-windows-x86_64 | 0.1-1 | 80.00 | 239.00 | 319.00 | OK | |
r-patched-linux-x86_64 | 0.1-1 | 9.50 | 104.86 | 114.36 | OK | |
r-release-linux-x86_64 | 0.1-1 | 10.17 | 109.20 | 119.37 | OK | |
r-release-macos-arm64 | 0.1-1 | 46.00 | OK | |||
r-release-windows-x86_64 | 0.1-1 | 84.00 | 358.00 | 442.00 | OK | |
r-oldrel-macos-arm64 | 0.1-1 | 47.00 | OK | |||
r-oldrel-macos-x86_64 | 0.1-1 | 71.00 | NOTE | |||
r-oldrel-windows-x86_64 | 0.1-1 | 44.00 | 174.00 | 218.00 | OK |
Version: 0.1-1
Check: package dependencies
Result: NOTE
Packages suggested but not available for checking: 'tram', 'cotram'
Flavor: r-oldrel-macos-x86_64
Version: 0.1-1
Check: Rd cross-references
Result: NOTE
Package unavailable to check Rd xrefs: ‘tram’
Flavor: r-oldrel-macos-x86_64