Last updated on 2024-05-19 01:58:16 CEST.
Flavor | Version | Tinstall | Tcheck | Ttotal | Status | Flags |
---|---|---|---|---|---|---|
r-devel-linux-x86_64-debian-clang | 1.13.4 | 14.03 | 69.33 | 83.36 | OK | |
r-devel-linux-x86_64-debian-gcc | 1.13.4 | 8.86 | 50.51 | 59.37 | OK | |
r-devel-linux-x86_64-fedora-clang | 1.13.4 | 105.45 | NOTE | |||
r-devel-linux-x86_64-fedora-gcc | 1.13.4 | 145.02 | OK | |||
r-devel-windows-x86_64 | 1.13.4 | 12.00 | 73.00 | 85.00 | OK | |
r-patched-linux-x86_64 | 1.13.4 | 12.85 | 64.87 | 77.72 | OK | |
r-release-linux-x86_64 | 1.13.4 | 10.20 | 65.17 | 75.37 | OK | |
r-release-macos-arm64 | 1.13.4 | 31.00 | OK | |||
r-release-windows-x86_64 | 1.13.4 | 12.00 | 70.00 | 82.00 | OK | |
r-oldrel-macos-arm64 | 1.13.4 | 35.00 | OK | |||
r-oldrel-macos-x86_64 | 1.13.4 | 56.00 | OK | |||
r-oldrel-windows-x86_64 | 1.13.4 | 16.00 | 84.00 | 100.00 | OK |
Version: 1.13.4
Check: installed package size
Result: NOTE
installed size is 7.6Mb
sub-directories of 1Mb or more:
libs 7.4Mb
Flavor: r-devel-linux-x86_64-fedora-clang