Last updated on 2024-07-04 02:55:15 CEST.
Flavor | Version | Tinstall | Tcheck | Ttotal | Status | Flags |
---|---|---|---|---|---|---|
r-devel-linux-x86_64-debian-clang | 2.5.3 | 156.21 | 329.83 | 486.04 | OK | |
r-devel-linux-x86_64-debian-gcc | 2.5.3 | 110.89 | 253.61 | 364.50 | OK | |
r-devel-linux-x86_64-fedora-clang | 2.5.3 | 719.53 | NOTE | |||
r-devel-linux-x86_64-fedora-gcc | 2.5.3 | 741.71 | OK | |||
r-devel-windows-x86_64 | 2.5.3 | 127.00 | 297.00 | 424.00 | NOTE | |
r-patched-linux-x86_64 | 2.5.3 | 135.65 | 333.96 | 469.61 | OK | |
r-release-linux-x86_64 | 2.5.3 | 129.93 | 331.38 | 461.31 | OK | |
r-release-macos-arm64 | 2.5.3 | 147.00 | NOTE | |||
r-release-macos-x86_64 | 2.5.3 | 217.00 | NOTE | |||
r-release-windows-x86_64 | 2.5.3 | 126.00 | 271.00 | 397.00 | NOTE | |
r-oldrel-macos-arm64 | 2.5.3 | 169.00 | NOTE | |||
r-oldrel-macos-x86_64 | 2.5.3 | 309.00 | NOTE | |||
r-oldrel-windows-x86_64 | 2.5.3 | 155.00 | 350.00 | 505.00 | NOTE |
Version: 2.5.3
Check: installed package size
Result: NOTE
installed size is 6.6Mb
sub-directories of 1Mb or more:
data 3.2Mb
doc 2.0Mb
Flavors: r-devel-linux-x86_64-fedora-clang, r-devel-windows-x86_64, r-release-macos-arm64, r-release-macos-x86_64, r-release-windows-x86_64, r-oldrel-macos-arm64, r-oldrel-macos-x86_64, r-oldrel-windows-x86_64