Last updated on 2024-05-11 01:50:31 CEST.
Flavor | Version | Tinstall | Tcheck | Ttotal | Status | Flags |
---|---|---|---|---|---|---|
r-devel-linux-x86_64-debian-clang | 0.2.3 | 90.32 | 63.58 | 153.90 | OK | |
r-devel-linux-x86_64-debian-gcc | 0.2.3 | 61.61 | 49.06 | 110.67 | OK | |
r-devel-linux-x86_64-fedora-clang | 0.2.3 | 199.47 | OK | |||
r-devel-linux-x86_64-fedora-gcc | 0.2.3 | 248.43 | OK | |||
r-devel-windows-x86_64 | 0.2.3 | 64.00 | 92.00 | 156.00 | OK | |
r-patched-linux-x86_64 | 0.2.3 | 83.75 | 62.06 | 145.81 | OK | |
r-release-linux-x86_64 | 0.2.3 | 77.29 | 60.87 | 138.16 | OK | |
r-release-macos-arm64 | 0.2.3 | 44.00 | NOTE | |||
r-release-windows-x86_64 | 0.2.3 | 66.00 | 89.00 | 155.00 | OK | |
r-oldrel-macos-arm64 | 0.2.3 | 53.00 | NOTE | |||
r-oldrel-macos-x86_64 | 0.2.3 | 82.00 | NOTE | |||
r-oldrel-windows-x86_64 | 0.2.3 | 80.00 | 102.00 | 182.00 | OK |
Version: 0.2.3
Check: installed package size
Result: NOTE
installed size is 5.6Mb
sub-directories of 1Mb or more:
libs 4.6Mb
Flavors: r-release-macos-arm64, r-oldrel-macos-arm64, r-oldrel-macos-x86_64