Last updated on 2024-05-25 02:51:35 CEST.
Flavor | Version | Tinstall | Tcheck | Ttotal | Status | Flags |
---|---|---|---|---|---|---|
r-devel-linux-x86_64-debian-clang | 0.1.8 | 16.03 | 46.47 | 62.50 | OK | |
r-devel-linux-x86_64-debian-gcc | 0.1.8 | 12.71 | 35.67 | 48.38 | OK | |
r-devel-linux-x86_64-fedora-clang | 0.1.8 | 90.53 | OK | |||
r-devel-linux-x86_64-fedora-gcc | 0.1.8 | 85.01 | OK | |||
r-patched-linux-x86_64 | 0.1.8 | 16.44 | 44.88 | 61.32 | OK | |
r-release-linux-x86_64 | 0.1.8 | 15.73 | 44.76 | 60.49 | OK | |
r-release-macos-arm64 | 0.1.8 | 8.00 | ERROR | |||
r-release-macos-x86_64 | 0.1.8 | 8.00 | ERROR | |||
r-oldrel-macos-arm64 | 0.1.8 | 16.00 | ERROR | |||
r-oldrel-macos-x86_64 | 0.1.8 | 14.00 | ERROR |
Version: 0.1.8
Check: package dependencies
Result: ERROR
Package required but not available: ‘Rmpi’
See section ‘The DESCRIPTION file’ in the ‘Writing R Extensions’
manual.
Flavors: r-release-macos-arm64, r-release-macos-x86_64, r-oldrel-macos-arm64, r-oldrel-macos-x86_64