Last updated on 2024-05-21 02:01:55 CEST.
Flavor | Version | Tinstall | Tcheck | Ttotal | Status | Flags |
---|---|---|---|---|---|---|
r-devel-linux-x86_64-debian-clang | 0.3.2 | 9.50 | 247.32 | 256.82 | NOTE | |
r-devel-linux-x86_64-debian-gcc | 0.3.2 | 7.53 | 176.86 | 184.39 | NOTE | |
r-devel-linux-x86_64-fedora-clang | 0.3.2 | 323.26 | NOTE | |||
r-devel-linux-x86_64-fedora-gcc | 0.3.2 | 301.28 | NOTE | |||
r-devel-windows-x86_64 | 0.3.2 | 8.00 | 154.00 | 162.00 | NOTE | |
r-patched-linux-x86_64 | 0.3.2 | 13.96 | 235.22 | 249.18 | NOTE | |
r-release-linux-x86_64 | 0.3.2 | 9.01 | 233.48 | 242.49 | NOTE | |
r-release-macos-arm64 | 0.3.2 | 94.00 | NOTE | |||
r-release-windows-x86_64 | 0.3.2 | 9.00 | 154.00 | 163.00 | NOTE | |
r-oldrel-macos-arm64 | 0.3.2 | 95.00 | OK | |||
r-oldrel-macos-x86_64 | 0.3.2 | 153.00 | OK | |||
r-oldrel-windows-x86_64 | 0.3.2 | 11.00 | 187.00 | 198.00 | OK |
Version: 0.3.2
Check: Rd files
Result: NOTE
checkRd: (-1) gen.Rd:36: Lost braces; missing escapes or markup?
36 | `gen({...}) returns an \link{iteror}.
| ^
Flavors: r-devel-linux-x86_64-debian-clang, r-devel-linux-x86_64-debian-gcc, r-devel-linux-x86_64-fedora-clang, r-devel-linux-x86_64-fedora-gcc, r-devel-windows-x86_64, r-patched-linux-x86_64, r-release-linux-x86_64, r-release-macos-arm64, r-release-windows-x86_64
Version: 0.3.2
Check: Rd cross-references
Result: NOTE
Undeclared package ‘iterators’ in Rd xrefs
Flavor: r-devel-linux-x86_64-fedora-clang