Last updated on 2024-04-28 02:03:23 CEST.
Flavor | Version | Tinstall | Tcheck | Ttotal | Status | Flags |
---|---|---|---|---|---|---|
r-devel-linux-x86_64-debian-clang | 2.3.6 | 12.07 | 101.35 | 113.42 | OK | |
r-devel-linux-x86_64-debian-gcc | 2.3.6 | 8.40 | 73.88 | 82.28 | OK | |
r-devel-linux-x86_64-fedora-clang | 2.3.6 | 138.91 | NOTE | |||
r-devel-linux-x86_64-fedora-gcc | 2.3.6 | 144.45 | OK | |||
r-devel-windows-x86_64 | 2.3.6 | 10.00 | 176.00 | 186.00 | OK | |
r-patched-linux-x86_64 | 2.3.6 | 12.17 | 97.41 | 109.58 | OK | |
r-release-linux-x86_64 | 2.3.6 | 11.64 | 94.03 | 105.67 | OK | |
r-release-macos-arm64 | 2.3.6 | 43.00 | OK | |||
r-release-windows-x86_64 | 2.3.6 | 10.00 | 103.00 | 113.00 | OK | |
r-oldrel-macos-arm64 | 2.3.6 | 48.00 | OK | |||
r-oldrel-macos-x86_64 | 2.3.6 | 75.00 | OK | |||
r-oldrel-windows-x86_64 | 2.3.6 | 13.00 | 123.00 | 136.00 | OK |
Version: 2.3.6
Check: Rd cross-references
Result: NOTE
Undeclared package ‘rmarkdown’ in Rd xrefs
Flavor: r-devel-linux-x86_64-fedora-clang