Last updated on 2024-05-11 01:50:31 CEST.
Flavor | Version | Tinstall | Tcheck | Ttotal | Status | Flags |
---|---|---|---|---|---|---|
r-devel-linux-x86_64-debian-clang | 1.2-1 | 1.54 | 39.15 | 40.69 | OK | |
r-devel-linux-x86_64-debian-gcc | 1.2-1 | 1.20 | 29.43 | 30.63 | OK | |
r-devel-linux-x86_64-fedora-clang | 1.2-1 | 50.87 | NOTE | |||
r-devel-linux-x86_64-fedora-gcc | 1.2-1 | 57.27 | NOTE | |||
r-devel-windows-x86_64 | 1.2-1 | 3.00 | 69.00 | 72.00 | OK | |
r-patched-linux-x86_64 | 1.2-1 | 3.08 | 36.82 | 39.90 | OK | |
r-release-linux-x86_64 | 1.2-1 | 1.55 | 37.83 | 39.38 | OK | |
r-release-macos-arm64 | 1.2-1 | 22.00 | OK | |||
r-release-windows-x86_64 | 1.2-1 | 2.00 | 68.00 | 70.00 | OK | |
r-oldrel-macos-arm64 | 1.2-1 | 23.00 | OK | |||
r-oldrel-macos-x86_64 | 1.2-1 | 33.00 | OK | |||
r-oldrel-windows-x86_64 | 1.2-1 | 3.00 | 71.00 | 74.00 | OK |
Version: 1.2-1
Check: data for non-ASCII characters
Result: NOTE
Note: found 76 marked Latin-1 strings
Flavors: r-devel-linux-x86_64-fedora-clang, r-devel-linux-x86_64-fedora-gcc