Last updated on 2024-05-13 01:51:59 CEST.
Flavor | Version | Tinstall | Tcheck | Ttotal | Status | Flags |
---|---|---|---|---|---|---|
r-devel-linux-x86_64-debian-clang | 0.4.1 | 3.03 | 70.56 | 73.59 | OK | |
r-devel-linux-x86_64-debian-gcc | 0.4.1 | 2.61 | 52.81 | 55.42 | OK | |
r-devel-linux-x86_64-fedora-clang | 0.4.1 | 100.46 | NOTE | |||
r-devel-linux-x86_64-fedora-gcc | 0.4.1 | 126.98 | NOTE | |||
r-devel-windows-x86_64 | 0.4.1 | 5.00 | 79.00 | 84.00 | OK | |
r-patched-linux-x86_64 | 0.4.1 | 2.74 | 67.57 | 70.31 | OK | |
r-release-linux-x86_64 | 0.4.1 | 2.34 | 66.68 | 69.02 | OK | |
r-release-macos-arm64 | 0.4.1 | 54.00 | OK | |||
r-release-windows-x86_64 | 0.4.1 | 6.00 | 77.00 | 83.00 | OK | |
r-oldrel-macos-arm64 | 0.4.1 | 51.00 | OK | |||
r-oldrel-macos-x86_64 | 0.4.1 | 59.00 | OK | |||
r-oldrel-windows-x86_64 | 0.4.1 | 6.00 | 83.00 | 89.00 | OK |
Version: 0.4.1
Check: dependencies in R code
Result: NOTE
Namespace in Imports field not imported from: ‘tibble’
All declared Imports should be used.
Flavors: r-devel-linux-x86_64-fedora-clang, r-devel-linux-x86_64-fedora-gcc