Last updated on 2024-05-11 01:50:55 CEST.
Flavor | Version | Tinstall | Tcheck | Ttotal | Status | Flags |
---|---|---|---|---|---|---|
r-devel-linux-x86_64-debian-clang | 0.5.1 | 38.81 | 91.11 | 129.92 | NOTE | |
r-devel-linux-x86_64-debian-gcc | 0.5.1 | 29.63 | 67.68 | 97.31 | NOTE | |
r-devel-linux-x86_64-fedora-clang | 0.5.1 | 171.92 | NOTE | |||
r-devel-linux-x86_64-fedora-gcc | 0.5.1 | 222.61 | NOTE | |||
r-devel-windows-x86_64 | 0.5.1 | 30.00 | 98.00 | 128.00 | NOTE | |
r-patched-linux-x86_64 | 0.5.1 | 40.94 | 87.00 | 127.94 | NOTE | |
r-release-linux-x86_64 | 0.5.1 | 33.65 | 85.45 | 119.10 | NOTE | |
r-release-macos-arm64 | 0.5.1 | 50.00 | NOTE | |||
r-release-windows-x86_64 | 0.5.1 | 32.00 | 98.00 | 130.00 | NOTE | |
r-oldrel-macos-arm64 | 0.5.1 | 51.00 | NOTE | |||
r-oldrel-macos-x86_64 | 0.5.1 | 79.00 | NOTE | |||
r-oldrel-windows-x86_64 | 0.5.1 | 40.00 | 118.00 | 158.00 | NOTE |
Version: 0.5.1
Check: C++ specification
Result: NOTE
Specified C++11: please drop specification unless essential
Flavors: r-devel-linux-x86_64-debian-clang, r-devel-linux-x86_64-debian-gcc, r-devel-linux-x86_64-fedora-clang, r-devel-linux-x86_64-fedora-gcc, r-devel-windows-x86_64, r-patched-linux-x86_64, r-release-linux-x86_64, r-release-macos-arm64, r-release-windows-x86_64, r-oldrel-macos-arm64, r-oldrel-macos-x86_64, r-oldrel-windows-x86_64