Last updated on 2024-05-28 02:48:36 CEST.
Flavor | Version | Tinstall | Tcheck | Ttotal | Status | Flags |
---|---|---|---|---|---|---|
r-devel-linux-x86_64-debian-clang | 0.5-3 | 65.98 | 53.52 | 119.50 | NOTE | |
r-devel-linux-x86_64-debian-gcc | 0.5-3 | 42.18 | 38.65 | 80.83 | NOTE | |
r-devel-linux-x86_64-fedora-clang | 0.5-3 | 174.98 | NOTE | |||
r-devel-linux-x86_64-fedora-gcc | 0.5-3 | 163.87 | NOTE | |||
r-devel-windows-x86_64 | 0.5-3 | 53.00 | 85.00 | 138.00 | NOTE | |
r-patched-linux-x86_64 | 0.5-3 | 53.21 | 50.83 | 104.04 | NOTE | |
r-release-linux-x86_64 | 0.5-3 | 53.21 | 52.02 | 105.23 | NOTE | |
r-release-macos-arm64 | 0.5-3 | 37.00 | NOTE | |||
r-release-windows-x86_64 | 0.5-3 | 53.00 | 87.00 | 140.00 | NOTE | |
r-oldrel-macos-arm64 | 0.5-3 | 42.00 | OK | |||
r-oldrel-macos-x86_64 | 0.5-3 | 71.00 | OK | |||
r-oldrel-windows-x86_64 | 0.5-3 | 65.00 | 102.00 | 167.00 | OK |
Version: 0.5-3
Check: Rd files
Result: NOTE
checkRd: (-1) FitAkdParameters.Rd:23: Lost braces; missing escapes or markup?
23 | p(y|ens) = 1 / K * sum {dnorm(y, z.i, s)} \cr
| ^
Flavors: r-devel-linux-x86_64-debian-clang, r-devel-linux-x86_64-debian-gcc, r-devel-linux-x86_64-fedora-clang, r-devel-linux-x86_64-fedora-gcc, r-devel-windows-x86_64, r-patched-linux-x86_64, r-release-linux-x86_64, r-release-macos-arm64, r-release-windows-x86_64