Last updated on 2024-05-28 02:48:34 CEST.
Flavor | Version | Tinstall | Tcheck | Ttotal | Status | Flags |
---|---|---|---|---|---|---|
r-devel-linux-x86_64-debian-clang | 0.3.6 | 11.96 | 27.72 | 39.68 | NOTE | |
r-devel-linux-x86_64-debian-gcc | 0.3.6 | 8.26 | 22.13 | 30.39 | NOTE | |
r-devel-linux-x86_64-fedora-clang | 0.3.6 | 50.73 | NOTE | |||
r-devel-linux-x86_64-fedora-gcc | 0.3.6 | 62.95 | NOTE | |||
r-devel-windows-x86_64 | 0.3.6 | 27.00 | 51.00 | 78.00 | NOTE | |
r-patched-linux-x86_64 | 0.3.6 | 11.67 | 27.05 | 38.72 | NOTE | |
r-release-linux-x86_64 | 0.3.6 | 10.40 | 27.01 | 37.41 | NOTE | |
r-release-macos-arm64 | 0.3.6 | 30.00 | NOTE | |||
r-release-macos-x86_64 | 0.3.6 | 62.00 | NOTE | |||
r-release-windows-x86_64 | 0.3.6 | 28.00 | 51.00 | 79.00 | NOTE | |
r-oldrel-macos-arm64 | 0.3.6 | 35.00 | NOTE | |||
r-oldrel-macos-x86_64 | 0.3.6 | 60.00 | NOTE | |||
r-oldrel-windows-x86_64 | 0.3.6 | 31.00 | 54.00 | 85.00 | NOTE |
Version: 0.3.6
Check: for GNU extensions in Makefiles
Result: NOTE
GNU make is a SystemRequirements.
Flavors: r-devel-linux-x86_64-debian-clang, r-devel-linux-x86_64-debian-gcc, r-devel-linux-x86_64-fedora-clang, r-devel-linux-x86_64-fedora-gcc, r-devel-windows-x86_64, r-patched-linux-x86_64, r-release-linux-x86_64, r-release-macos-arm64, r-release-macos-x86_64, r-release-windows-x86_64, r-oldrel-macos-arm64, r-oldrel-macos-x86_64, r-oldrel-windows-x86_64