Last updated on 2024-05-11 01:50:49 CEST.
Flavor | Version | Tinstall | Tcheck | Ttotal | Status | Flags |
---|---|---|---|---|---|---|
r-devel-linux-x86_64-debian-clang | 1.7-3 | 223.61 | 270.14 | 493.75 | NOTE | |
r-devel-linux-x86_64-debian-gcc | 1.7-3 | 205.21 | 204.94 | 410.15 | NOTE | |
r-devel-linux-x86_64-fedora-clang | 1.7-3 | 629.04 | NOTE | |||
r-devel-linux-x86_64-fedora-gcc | 1.7-3 | 745.09 | NOTE | |||
r-devel-windows-x86_64 | 1.7-3 | 165.00 | 225.00 | 390.00 | NOTE | |
r-patched-linux-x86_64 | 1.7-3 | 190.69 | 267.54 | 458.23 | NOTE | |
r-release-linux-x86_64 | 1.7-3 | 0.02 | 3.00 | 3.02 | ERROR | |
r-release-macos-arm64 | 1.7-3 | 150.00 | NOTE | |||
r-release-windows-x86_64 | 1.7-3 | 174.00 | 221.00 | 395.00 | NOTE | |
r-oldrel-macos-arm64 | 1.7-3 | 130.00 | NOTE | |||
r-oldrel-macos-x86_64 | 1.7-3 | 326.00 | NOTE | |||
r-oldrel-windows-x86_64 | 1.7-3 | 227.00 | 282.00 | 509.00 | NOTE |
Version: 1.7-3
Check: for GNU extensions in Makefiles
Result: NOTE
GNU make is a SystemRequirements.
Flavors: r-devel-linux-x86_64-debian-clang, r-devel-linux-x86_64-debian-gcc, r-devel-linux-x86_64-fedora-clang, r-devel-linux-x86_64-fedora-gcc, r-devel-windows-x86_64, r-patched-linux-x86_64, r-release-macos-arm64, r-release-windows-x86_64, r-oldrel-macos-arm64, r-oldrel-macos-x86_64, r-oldrel-windows-x86_64
Version: 1.7-3
Check: package dependencies
Result: NOTE
Package suggested but not available for checking: ‘rstanarm’
Flavor: r-release-linux-x86_64
Version: 1.7-3
Check: whether package can be installed
Result: ERROR
Installation failed.
Flavor: r-release-linux-x86_64
Version: 1.7-3
Check: installed package size
Result: NOTE
installed size is 66.8Mb
sub-directories of 1Mb or more:
libs 64.8Mb
Flavors: r-release-macos-arm64, r-oldrel-macos-arm64, r-oldrel-macos-x86_64