Last updated on 2024-05-28 02:48:31 CEST.
Flavor | Version | Tinstall | Tcheck | Ttotal | Status | Flags |
---|---|---|---|---|---|---|
r-devel-linux-x86_64-debian-clang | 1.1 | 101.02 | 72.70 | 173.72 | OK | |
r-devel-linux-x86_64-debian-gcc | 1.1 | 82.86 | 57.51 | 140.37 | OK | |
r-devel-linux-x86_64-fedora-clang | 1.1 | 210.73 | OK | |||
r-devel-linux-x86_64-fedora-gcc | 1.1 | 254.68 | OK | |||
r-devel-windows-x86_64 | 1.1 | 68.00 | 110.00 | 178.00 | OK | |
r-patched-linux-x86_64 | 1.1 | 100.84 | 74.19 | 175.03 | OK | |
r-release-linux-x86_64 | 1.1 | 87.42 | 73.77 | 161.19 | OK | |
r-release-macos-arm64 | 1.1 | 54.00 | NOTE | |||
r-release-windows-x86_64 | 1.1 | 65.00 | 96.00 | 161.00 | OK | |
r-oldrel-macos-arm64 | 1.1 | 74.00 | NOTE | |||
r-oldrel-macos-x86_64 | 1.1 | 122.00 | NOTE | |||
r-oldrel-windows-x86_64 | 1.1 | 87.00 | 116.00 | 203.00 | OK |
Version: 1.1
Check: installed package size
Result: NOTE
installed size is 20.8Mb
sub-directories of 1Mb or more:
libs 20.6Mb
Flavors: r-release-macos-arm64, r-oldrel-macos-arm64, r-oldrel-macos-x86_64